Last updated on 2023-09-23 19:55:40 CEST.
Flavor | Version | Tinstall | Tcheck | Ttotal | Status | Flags |
---|---|---|---|---|---|---|
r-devel-linux-x86_64-debian-clang | 2.3.2 | 9.04 | 162.45 | 171.49 | OK | |
r-devel-linux-x86_64-debian-gcc | 2.3.2 | 8.77 | 120.70 | 129.47 | OK | |
r-devel-linux-x86_64-fedora-clang | 2.3.2 | 223.23 | NOTE | |||
r-devel-linux-x86_64-fedora-gcc | 2.3.2 | 244.30 | NOTE | |||
r-devel-windows-x86_64 | 2.3.2 | 10.00 | 306.00 | 316.00 | OK | |
r-patched-linux-x86_64 | 2.3.2 | 10.58 | 158.08 | 168.66 | OK | |
r-release-linux-x86_64 | 2.3.2 | 5.90 | 156.70 | 162.60 | OK | |
r-release-macos-arm64 | 2.3.2 | 153.00 | OK | |||
r-release-macos-x86_64 | 2.3.2 | 229.00 | NOTE | |||
r-release-windows-x86_64 | 2.3.2 | 13.00 | 394.00 | 407.00 | OK | |
r-oldrel-macos-arm64 | 2.3.2 | 130.00 | NOTE | |||
r-oldrel-macos-x86_64 | 2.3.2 | 177.00 | NOTE | |||
r-oldrel-windows-x86_64 | 2.3.2 | 12.00 | 367.00 | 379.00 | OK |
Version: 2.3.2
Check: dependencies in R code
Result: NOTE
Namespaces in Imports field not imported from:
‘knitr’ ‘rmarkdown’ ‘webp’
All declared Imports should be used.
Flavors: r-devel-linux-x86_64-fedora-clang, r-devel-linux-x86_64-fedora-gcc, r-oldrel-macos-arm64, r-oldrel-macos-x86_64
Version: 2.3.2
Check: package dependencies
Result: NOTE
Package which this enhances but not available for checking: ‘semPlot’
Flavor: r-release-macos-x86_64