Last updated on 2023-10-01 08:52:10 CEST.
Flavor | Version | Tinstall | Tcheck | Ttotal | Status | Flags |
---|---|---|---|---|---|---|
r-devel-linux-x86_64-debian-clang | 1.8 | 6.44 | 163.88 | 170.32 | NOTE | |
r-devel-linux-x86_64-debian-gcc | 1.8 | 3.72 | 129.26 | 132.98 | NOTE | |
r-devel-linux-x86_64-fedora-clang | 1.8 | 218.81 | NOTE | |||
r-devel-linux-x86_64-fedora-gcc | 1.8 | 245.02 | NOTE | |||
r-devel-windows-x86_64 | 1.8 | 7.00 | 165.00 | 172.00 | NOTE | |
r-patched-linux-x86_64 | 1.8 | 4.27 | 161.03 | 165.30 | NOTE | |
r-release-linux-x86_64 | 1.8 | 4.06 | 167.34 | 171.40 | NOTE | |
r-release-macos-arm64 | 1.8 | 95.00 | NOTE | |||
r-release-macos-x86_64 | 1.8 | 58.00 | NOTE | |||
r-release-windows-x86_64 | 1.8 | 9.00 | 194.00 | 203.00 | NOTE | |
r-oldrel-macos-arm64 | 1.8 | 51.00 | NOTE | |||
r-oldrel-macos-x86_64 | 1.8 | 81.00 | NOTE | |||
r-oldrel-windows-x86_64 | 1.8 | 10.00 | 209.00 | 219.00 | NOTE |
Version: 1.8
Check: Rd files
Result: NOTE
checkRd: (-1) escape.Rd:28: Escaped LaTeX specials: \$
Flavors: r-devel-linux-x86_64-debian-clang, r-devel-linux-x86_64-debian-gcc, r-devel-linux-x86_64-fedora-clang, r-devel-linux-x86_64-fedora-gcc, r-devel-windows-x86_64, r-patched-linux-x86_64, r-release-linux-x86_64, r-release-macos-arm64, r-release-macos-x86_64, r-release-windows-x86_64
Version: 1.8
Check: LazyData
Result: NOTE
'LazyData' is specified without a 'data' directory
Flavors: r-devel-linux-x86_64-debian-clang, r-devel-linux-x86_64-debian-gcc, r-devel-linux-x86_64-fedora-clang, r-devel-linux-x86_64-fedora-gcc, r-devel-windows-x86_64, r-patched-linux-x86_64, r-release-linux-x86_64, r-release-macos-arm64, r-release-macos-x86_64, r-release-windows-x86_64, r-oldrel-macos-arm64, r-oldrel-macos-x86_64, r-oldrel-windows-x86_64
Version: 1.8
Check: package dependencies
Result: NOTE
Package suggested but not available for checking: ‘rockchalk’
Flavor: r-release-macos-x86_64
Version: 1.8
Check: re-building of vignette outputs
Result: NOTE
Error(s) in re-building vignettes:
--- re-building ‘semtable.Rnw’ using Sweave
Error in FUN(X[[i]], ...) : getFiles fc dir "theme"does not exist
Loading required package: lavaan
This is lavaan 0.6-15
lavaan is FREE software! Please report any bugs.
Error: processing vignette 'semtable.Rnw' failed with diagnostics:
Running 'texi2dvi' on 'semtable.tex' failed.
LaTeX errors:
! LaTeX Error: File `relsize.sty' not found.
Type X to quit or <RETURN> to proceed,
or enter new name. (Default extension: sty)
! Emergency stop.
<read *>
l.6 ^^M
! ==> Fatal error occurred, no output PDF file produced!
--- failed re-building ‘semtable.Rnw’
SUMMARY: processing the following file failed:
‘semtable.Rnw’
Error: Vignette re-building failed.
Execution halted
Flavor: r-release-macos-x86_64