Last updated on 2024-04-17 19:58:52 CEST.
Flavor | Version | Tinstall | Tcheck | Ttotal | Status | Flags |
---|---|---|---|---|---|---|
r-devel-linux-x86_64-debian-clang | 1.2.1 | 131.21 | 798.03 | 929.24 | OK | |
r-devel-linux-x86_64-debian-gcc | 1.2.1 | 99.97 | 426.18 | 526.15 | OK | |
r-devel-linux-x86_64-fedora-clang | 1.2.1 | 850.22 | NOTE | |||
r-devel-linux-x86_64-fedora-gcc | 1.2.1 | 866.11 | NOTE | |||
r-prerel-macos-arm64 | 1.2.1 | 256.00 | NOTE | |||
r-prerel-macos-x86_64 | 1.2.1 | 656.00 | NOTE | |||
r-prerel-windows-x86_64 | 1.2.1 | 86.00 | 538.00 | 624.00 | OK | |
r-patched-linux-x86_64 | 1.1.0 | 24.58 | 1.60 | 26.18 | ERROR | |
r-release-linux-x86_64 | 1.2.1 | 92.15 | 570.76 | 662.91 | OK | |
r-release-macos-arm64 | 1.2.1 | 259.00 | NOTE | |||
r-release-macos-x86_64 | 1.2.1 | 714.00 | NOTE | |||
r-release-windows-x86_64 | 1.2.1 | 78.00 | 461.00 | 539.00 | OK | |
r-oldrel-macos-arm64 | 1.2.1 | 239.00 | NOTE | |||
r-oldrel-windows-x86_64 | 1.2.1 | 63.00 | 491.00 | 554.00 | OK |
Version: 1.2.1
Check: data for non-ASCII characters
Result: NOTE
Note: found 1 marked UTF-8 string
Flavors: r-devel-linux-x86_64-fedora-clang, r-devel-linux-x86_64-fedora-gcc
Version: 1.2.1
Check: installed package size
Result: NOTE
installed size is 10.9Mb
sub-directories of 1Mb or more:
data 2.9Mb
libs 7.8Mb
Flavors: r-prerel-macos-arm64, r-prerel-macos-x86_64, r-release-macos-arm64, r-release-macos-x86_64, r-oldrel-macos-arm64
Version: 1.1.0
Check: whether package can be installed
Result: ERROR
Installation failed.
Flavor: r-patched-linux-x86_64