Last updated on 2023-12-03 19:48:47 CET.
Flavor | Version | Tinstall | Tcheck | Ttotal | Status | Flags |
---|---|---|---|---|---|---|
r-devel-linux-x86_64-debian-clang | 1.1.0 | 2.44 | 24.79 | 27.23 | NOTE | |
r-devel-linux-x86_64-debian-gcc | 1.1.0 | 2.09 | 18.94 | 21.03 | NOTE | |
r-devel-linux-x86_64-fedora-clang | 1.1.0 | 35.96 | NOTE | |||
r-devel-linux-x86_64-fedora-gcc | 1.1.0 | 31.85 | NOTE | |||
r-devel-windows-x86_64 | 1.1.0 | 3.00 | 41.00 | 44.00 | NOTE | |
r-patched-linux-x86_64 | 1.1.0 | 2.39 | 23.44 | 25.83 | NOTE | |
r-release-linux-x86_64 | 1.1.0 | 2.23 | 23.53 | 25.76 | NOTE | |
r-release-macos-arm64 | 1.1.0 | 16.00 | NOTE | |||
r-release-macos-x86_64 | 1.1.0 | 23.00 | NOTE | |||
r-release-windows-x86_64 | 1.1.0 | 4.00 | 42.00 | 46.00 | NOTE | |
r-oldrel-macos-arm64 | 1.1.0 | 18.00 | NOTE | |||
r-oldrel-macos-x86_64 | 1.1.0 | 22.00 | NOTE | |||
r-oldrel-windows-x86_64 | 1.1.0 | 4.00 | 45.00 | 49.00 | NOTE |
Version: 1.1.0
Check: LazyData
Result: NOTE
'LazyData' is specified without a 'data' directory
Flavors: r-devel-linux-x86_64-debian-clang, r-devel-linux-x86_64-debian-gcc, r-devel-linux-x86_64-fedora-clang, r-devel-linux-x86_64-fedora-gcc, r-devel-windows-x86_64, r-patched-linux-x86_64, r-release-linux-x86_64, r-release-macos-arm64, r-release-macos-x86_64, r-release-windows-x86_64, r-oldrel-macos-arm64, r-oldrel-macos-x86_64, r-oldrel-windows-x86_64