Last updated on 2024-04-24 20:54:22 CEST.
Flavor | Version | Tinstall | Tcheck | Ttotal | Status | Flags |
---|---|---|---|---|---|---|
r-devel-linux-x86_64-debian-clang | 1.9.0 | 5.56 | 108.07 | 113.63 | WARN | |
r-devel-linux-x86_64-debian-gcc | 1.9.0 | 6.07 | 75.09 | 81.16 | OK | |
r-devel-linux-x86_64-fedora-clang | 1.9.0 | 133.78 | OK | |||
r-devel-linux-x86_64-fedora-gcc | 1.9.0 | 143.67 | OK | |||
r-devel-windows-x86_64 | 1.9.0 | 7.00 | 134.00 | 141.00 | OK | |
r-patched-linux-x86_64 | 1.9.0 | 7.04 | 99.39 | 106.43 | OK | |
r-release-linux-x86_64 | 1.9.0 | 5.61 | 99.89 | 105.50 | OK | |
r-release-macos-arm64 | 1.9.0 | 39.00 | OK | |||
r-release-windows-x86_64 | 1.9.0 | 7.00 | 133.00 | 140.00 | OK | |
r-oldrel-macos-arm64 | 1.9.0 | 35.00 | OK | |||
r-oldrel-macos-x86_64 | 1.9.0 | 73.00 | OK | |||
r-oldrel-windows-x86_64 | 1.9.0 | 8.00 | 140.00 | 148.00 | OK |
Version: 1.9.0
Check: whether startup messages can be suppressed
Result: NOTE
Fortran STOP
IEEE arithmetic exceptions signaled: INEXACT
It looks like this package (or a package it requires) has a startup
message which cannot be suppressed: see ?packageStartupMessage.
Flavor: r-devel-linux-x86_64-debian-clang
Version: 1.9.0
Check: dependencies in R code
Result: NOTE
Fortran STOP
IEEE arithmetic exceptions signaled: INEXACT
Flavor: r-devel-linux-x86_64-debian-clang
Version: 1.9.0
Check: S3 generic/method consistency
Result: WARN
Fortran STOP
IEEE arithmetic exceptions signaled: INEXACT
See section ‘Generic functions and methods’ in the ‘Writing R
Extensions’ manual.
Flavor: r-devel-linux-x86_64-debian-clang
Version: 1.9.0
Check: replacement functions
Result: WARN
Fortran STOP
IEEE arithmetic exceptions signaled: INEXACT
The argument of a replacement function which corresponds to the right
hand side must be named ‘value’.
Flavor: r-devel-linux-x86_64-debian-clang
Version: 1.9.0
Check: foreign function calls
Result: NOTE
Fortran STOP
IEEE arithmetic exceptions signaled: INEXACT
See chapter ‘System and foreign language interfaces’ in the ‘Writing R
Extensions’ manual.
Flavor: r-devel-linux-x86_64-debian-clang
Version: 1.9.0
Check: R code for possible problems
Result: NOTE
Fortran STOP
IEEE arithmetic exceptions signaled: INEXACT
Fortran STOP
IEEE arithmetic exceptions signaled: INEXACT
Fortran STOP
IEEE arithmetic exceptions signaled: INEXACT
Flavor: r-devel-linux-x86_64-debian-clang
Version: 1.9.0
Check: for missing documentation entries
Result: WARN
Fortran STOP
IEEE arithmetic exceptions signaled: INEXACT
All user-level objects in a package should have documentation entries.
See chapter ‘Writing R documentation files’ in the ‘Writing R
Extensions’ manual.
Flavor: r-devel-linux-x86_64-debian-clang
Version: 1.9.0
Check: for code/documentation mismatches
Result: WARN
Fortran STOP
IEEE arithmetic exceptions signaled: INEXACT
Fortran STOP
IEEE arithmetic exceptions signaled: INEXACT
Fortran STOP
IEEE arithmetic exceptions signaled: INEXACT
Flavor: r-devel-linux-x86_64-debian-clang
Version: 1.9.0
Check: Rd \usage sections
Result: NOTE
Fortran STOP
IEEE arithmetic exceptions signaled: INEXACT
The \usage entries for S3 methods should use the \method markup and not
their full name.
See chapter ‘Writing R documentation files’ in the ‘Writing R
Extensions’ manual.
Flavor: r-devel-linux-x86_64-debian-clang