Last updated on 2023-09-30 19:55:59 CEST.
Flavor | Version | Tinstall | Tcheck | Ttotal | Status | Flags |
---|---|---|---|---|---|---|
r-devel-linux-x86_64-debian-clang | 0.2 | 55.35 | 118.35 | 173.70 | NOTE | |
r-devel-linux-x86_64-debian-gcc | 0.2 | 37.77 | 86.80 | 124.57 | NOTE | |
r-devel-linux-x86_64-fedora-clang | 0.2 | 222.43 | NOTE | |||
r-devel-linux-x86_64-fedora-gcc | 0.2 | 219.31 | NOTE | |||
r-devel-windows-x86_64 | 0.2 | 42.00 | 110.00 | 152.00 | NOTE | |
r-patched-linux-x86_64 | 0.2 | 49.59 | 114.36 | 163.95 | NOTE | |
r-release-linux-x86_64 | 0.2 | 46.17 | 114.26 | 160.43 | NOTE | |
r-release-macos-arm64 | 0.2 | 59.00 | NOTE | |||
r-release-macos-x86_64 | 0.2 | 88.00 | NOTE | |||
r-release-windows-x86_64 | 0.2 | 54.00 | 137.00 | 191.00 | NOTE | |
r-oldrel-macos-arm64 | 0.2 | 52.00 | OK | |||
r-oldrel-macos-x86_64 | 0.2 | 71.00 | OK | |||
r-oldrel-windows-x86_64 | 0.2 | 51.00 | 130.00 | 181.00 | OK |
Version: 0.2
Check: C++ specification
Result: NOTE
Specified C++11: please drop specification unless essential
Flavors: r-devel-linux-x86_64-debian-clang, r-devel-linux-x86_64-debian-gcc, r-devel-linux-x86_64-fedora-clang, r-devel-linux-x86_64-fedora-gcc, r-devel-windows-x86_64, r-patched-linux-x86_64, r-release-linux-x86_64, r-release-macos-arm64, r-release-macos-x86_64, r-release-windows-x86_64