Last updated on 2024-03-29 07:54:56 CET.
Flavor | Version | Tinstall | Tcheck | Ttotal | Status | Flags |
---|---|---|---|---|---|---|
r-devel-linux-x86_64-debian-clang | 0.1.10 | 187.04 | 73.64 | 260.68 | OK | |
r-devel-linux-x86_64-debian-gcc | 0.1.10 | 139.55 | 53.69 | 193.24 | OK | |
r-devel-linux-x86_64-fedora-clang | 0.1.10 | 351.99 | OK | |||
r-devel-linux-x86_64-fedora-gcc | 0.1.10 | 357.88 | OK | |||
r-devel-windows-x86_64 | 0.1.10 | 128.00 | 103.00 | 231.00 | OK | |
r-patched-linux-x86_64 | 0.1.10 | 164.64 | 68.84 | 233.48 | OK | |
r-release-linux-x86_64 | 0.1.10 | 174.85 | 70.29 | 245.14 | OK | |
r-release-macos-arm64 | 0.1.10 | 72.00 | NOTE | |||
r-release-macos-x86_64 | 0.1.10 | 110.00 | NOTE | |||
r-release-windows-x86_64 | 0.1.10 | 157.00 | 124.00 | 281.00 | OK | |
r-oldrel-macos-arm64 | 0.1.10 | 71.00 | NOTE | |||
r-oldrel-windows-x86_64 | 0.1.10 | 154.00 | 106.00 | 260.00 | OK |
Version: 0.1.10
Check: installed package size
Result: NOTE
installed size is 9.7Mb
sub-directories of 1Mb or more:
libs 8.8Mb
Flavors: r-release-macos-arm64, r-release-macos-x86_64, r-oldrel-macos-arm64