Last updated on 2023-09-23 08:11:08 CEST.
Flavor | Version | Tinstall | Tcheck | Ttotal | Status | Flags |
---|---|---|---|---|---|---|
r-devel-linux-x86_64-debian-clang | 0.32.6 | 95.78 | 189.26 | 285.04 | OK | |
r-devel-linux-x86_64-debian-gcc | 0.32.6 | 72.11 | 136.22 | 208.33 | OK | |
r-devel-linux-x86_64-fedora-clang | 0.32.6 | 394.67 | OK | |||
r-devel-linux-x86_64-fedora-gcc | 0.32.6 | 393.53 | OK | |||
r-devel-windows-x86_64 | 0.32.6 | 79.00 | 169.00 | 248.00 | OK | |
r-patched-linux-x86_64 | 0.32.6 | 88.02 | 174.54 | 262.56 | OK | |
r-release-linux-x86_64 | 0.32.6 | 79.58 | 175.32 | 254.90 | OK | |
r-release-macos-arm64 | 0.32.6 | 95.00 | NOTE | |||
r-release-macos-x86_64 | 0.32.6 | 186.00 | NOTE | |||
r-release-windows-x86_64 | 0.32.6 | 108.00 | 215.00 | 323.00 | OK | |
r-oldrel-macos-arm64 | 0.32.6 | 81.00 | NOTE | |||
r-oldrel-macos-x86_64 | 0.32.6 | 133.00 | NOTE | |||
r-oldrel-windows-x86_64 | 0.32.6 | 95.00 | 192.00 | 287.00 | OK |
Version: 0.32.6
Check: installed package size
Result: NOTE
installed size is 7.7Mb
sub-directories of 1Mb or more:
R 2.0Mb
libs 5.3Mb
Flavors: r-release-macos-arm64, r-release-macos-x86_64, r-oldrel-macos-arm64, r-oldrel-macos-x86_64