Last updated on 2023-06-01 08:56:14 CEST.
Flavor | Version | Tinstall | Tcheck | Ttotal | Status | Flags |
---|---|---|---|---|---|---|
r-devel-linux-x86_64-debian-clang | 0.3.5 | 47.62 | 121.53 | 169.15 | NOTE | |
r-devel-linux-x86_64-debian-gcc | 0.3.5 | 39.91 | 91.54 | 131.45 | NOTE | |
r-devel-linux-x86_64-fedora-clang | 0.3.5 | 227.40 | NOTE | |||
r-devel-linux-x86_64-fedora-gcc | 0.3.5 | 216.93 | NOTE | |||
r-devel-windows-x86_64 | 0.3.5 | 40.00 | 131.00 | 171.00 | NOTE | |
r-patched-linux-x86_64 | 0.3.5 | NOTE | ||||
r-release-linux-x86_64 | 0.3.5 | 46.31 | 112.63 | 158.94 | NOTE | |
r-release-macos-arm64 | 0.3.5 | 63.00 | NOTE | |||
r-release-macos-x86_64 | 0.3.5 | 104.00 | NOTE | |||
r-release-windows-x86_64 | 0.3.5 | 54.00 | 165.00 | 219.00 | NOTE | |
r-oldrel-macos-arm64 | 0.3.5 | 65.00 | NOTE | |||
r-oldrel-macos-x86_64 | 0.3.5 | 86.00 | NOTE | |||
r-oldrel-windows-x86_64 | 0.3.5 | 54.00 | 151.00 | 205.00 | OK |
Version: 0.3.5
Check: package dependencies
Result: NOTE
Package which this enhances but not available for checking: ‘glmGamPoi’
Flavors: r-devel-linux-x86_64-debian-clang, r-devel-linux-x86_64-debian-gcc, r-devel-linux-x86_64-fedora-clang, r-devel-linux-x86_64-fedora-gcc, r-patched-linux-x86_64, r-release-linux-x86_64, r-release-macos-arm64, r-release-macos-x86_64, r-oldrel-macos-arm64, r-oldrel-macos-x86_64
Version: 0.3.5
Check: C++ specification
Result: NOTE
Specified C++11: please drop specification unless essential
Flavors: r-devel-linux-x86_64-debian-clang, r-devel-linux-x86_64-debian-gcc, r-devel-linux-x86_64-fedora-clang, r-devel-linux-x86_64-fedora-gcc, r-devel-windows-x86_64, r-patched-linux-x86_64, r-release-linux-x86_64, r-release-macos-arm64, r-release-macos-x86_64, r-release-windows-x86_64