Last updated on 2023-09-28 08:59:02 CEST.
Flavor | Version | Tinstall | Tcheck | Ttotal | Status | Flags |
---|---|---|---|---|---|---|
r-devel-linux-x86_64-debian-clang | 3.2.4 | 10.98 | 25.63 | 36.61 | NOTE | |
r-devel-linux-x86_64-debian-gcc | 3.2.4 | 11.28 | 20.33 | 31.61 | NOTE | |
r-devel-linux-x86_64-fedora-clang | 3.2.4 | 45.81 | NOTE | |||
r-devel-linux-x86_64-fedora-gcc | 3.2.4 | 52.24 | NOTE | |||
r-devel-windows-x86_64 | 3.2.4 | 28.00 | 46.00 | 74.00 | NOTE | |
r-patched-linux-x86_64 | 3.2.4 | 14.34 | 25.23 | 39.57 | NOTE | |
r-release-linux-x86_64 | 3.2.4 | 13.31 | 24.95 | 38.26 | NOTE | |
r-release-macos-arm64 | 3.2.4 | 22.00 | NOTE | |||
r-release-macos-x86_64 | 3.2.4 | 30.00 | NOTE | |||
r-release-windows-x86_64 | 3.2.4 | 38.00 | 45.00 | 83.00 | NOTE | |
r-oldrel-macos-arm64 | 3.2.4 | 21.00 | NOTE | |||
r-oldrel-macos-x86_64 | 3.2.4 | 27.00 | NOTE | |||
r-oldrel-windows-x86_64 | 3.2.4 | 34.00 | 48.00 | 82.00 | NOTE |
Version: 3.2.4
Check: for GNU extensions in Makefiles
Result: NOTE
GNU make is a SystemRequirements.
Flavors: r-devel-linux-x86_64-debian-clang, r-devel-linux-x86_64-debian-gcc, r-devel-linux-x86_64-fedora-clang, r-devel-linux-x86_64-fedora-gcc, r-devel-windows-x86_64, r-patched-linux-x86_64, r-release-linux-x86_64, r-release-macos-arm64, r-release-macos-x86_64, r-release-windows-x86_64, r-oldrel-macos-arm64, r-oldrel-macos-x86_64, r-oldrel-windows-x86_64