CRAN Package Check Results for Package scrappy

Last updated on 2023-12-06 07:50:28 CET.

Flavor Version Tinstall Tcheck Ttotal Status Flags
r-devel-linux-x86_64-debian-clang 0.0.1 2.06 20.20 22.26 NOTE
r-devel-linux-x86_64-debian-gcc 0.0.1 1.62 16.20 17.82 NOTE
r-devel-linux-x86_64-fedora-clang 0.0.1 29.79 NOTE
r-devel-linux-x86_64-fedora-gcc 0.0.1 26.62 NOTE
r-devel-windows-x86_64 0.0.1 3.00 38.00 41.00 NOTE
r-patched-linux-x86_64 0.0.1 1.93 19.62 21.55 NOTE
r-release-linux-x86_64 0.0.1 1.63 20.15 21.78 NOTE
r-release-macos-arm64 0.0.1 15.00 NOTE
r-release-macos-x86_64 0.0.1 18.00 NOTE
r-release-windows-x86_64 0.0.1 3.00 38.00 41.00 NOTE
r-oldrel-macos-arm64 0.0.1 14.00 NOTE
r-oldrel-macos-x86_64 0.0.1 21.00 NOTE
r-oldrel-windows-x86_64 0.0.1 4.00 50.00 54.00 NOTE

Check Details

Version: 0.0.1
Check: LazyData
Result: NOTE 'LazyData' is specified without a 'data' directory Flavors: r-devel-linux-x86_64-debian-clang, r-devel-linux-x86_64-debian-gcc, r-devel-linux-x86_64-fedora-clang, r-devel-linux-x86_64-fedora-gcc, r-devel-windows-x86_64, r-patched-linux-x86_64, r-release-linux-x86_64, r-release-macos-arm64, r-release-macos-x86_64, r-release-windows-x86_64, r-oldrel-macos-arm64, r-oldrel-macos-x86_64, r-oldrel-windows-x86_64