Last updated on 2023-06-10 08:53:27 CEST.
Flavor | Version | Tinstall | Tcheck | Ttotal | Status | Flags |
---|---|---|---|---|---|---|
r-devel-linux-x86_64-debian-clang | 1.1.1 | 70.01 | 285.46 | 355.47 | OK | |
r-devel-linux-x86_64-debian-gcc | 1.1.1 | 54.31 | 211.34 | 265.65 | OK | |
r-devel-linux-x86_64-fedora-clang | 1.1.1 | 413.34 | OK | |||
r-devel-linux-x86_64-fedora-gcc | 1.1.1 | 462.97 | OK | |||
r-devel-windows-x86_64 | 1.1.1 | 55.00 | 304.00 | 359.00 | OK | |
r-patched-linux-x86_64 | 1.1.1 | 61.21 | 274.67 | 335.88 | OK | |
r-release-linux-x86_64 | 1.1.1 | 59.60 | 278.73 | 338.33 | OK | |
r-release-macos-arm64 | 1.1.1 | 131.00 | NOTE | |||
r-release-macos-x86_64 | 1.0.2 | 271.00 | NOTE | |||
r-release-windows-x86_64 | 1.1.1 | 70.00 | 335.00 | 405.00 | OK | |
r-oldrel-macos-arm64 | 1.1.1 | 132.00 | NOTE | |||
r-oldrel-macos-x86_64 | 1.1.1 | 152.00 | NOTE | |||
r-oldrel-windows-x86_64 | 1.1.1 | 68.00 | 327.00 | 395.00 | OK |
Version: 1.1.1
Check: installed package size
Result: NOTE
installed size is 6.1Mb
sub-directories of 1Mb or more:
libs 3.9Mb
Flavors: r-release-macos-arm64, r-oldrel-macos-arm64, r-oldrel-macos-x86_64
Version: 1.0.2
Check: installed package size
Result: NOTE
installed size is 5.6Mb
sub-directories of 1Mb or more:
libs 3.7Mb
Flavor: r-release-macos-x86_64