Last updated on 2024-04-18 20:56:04 CEST.
Flavor | Version | Tinstall | Tcheck | Ttotal | Status | Flags |
---|---|---|---|---|---|---|
r-devel-linux-x86_64-debian-clang | 1.1.1 | 74.77 | 288.55 | 363.32 | OK | |
r-devel-linux-x86_64-debian-gcc | 1.1.1 | 58.55 | 203.09 | 261.64 | OK | |
r-devel-linux-x86_64-fedora-clang | 1.1.1 | 460.25 | OK | |||
r-devel-linux-x86_64-fedora-gcc | 1.1.1 | 469.25 | OK | |||
r-prerel-macos-arm64 | 1.1.1 | 119.00 | NOTE | |||
r-prerel-windows-x86_64 | 1.1.1 | 55.00 | 282.00 | 337.00 | OK | |
r-patched-linux-x86_64 | 1.1.1 | 76.93 | 261.50 | 338.43 | OK | |
r-release-linux-x86_64 | 1.1.1 | 71.07 | 279.42 | 350.49 | OK | |
r-release-macos-arm64 | 1.1.1 | 131.00 | NOTE | |||
r-release-macos-x86_64 | 1.1.1 | 370.00 | NOTE | |||
r-release-windows-x86_64 | 1.1.1 | 72.00 | 339.00 | 411.00 | OK | |
r-oldrel-macos-arm64 | 1.1.1 | 132.00 | NOTE | |||
r-oldrel-windows-x86_64 | 1.1.1 | 71.00 | 331.00 | 402.00 | OK |
Version: 1.1.1
Check: installed package size
Result: NOTE
installed size is 5.9Mb
sub-directories of 1Mb or more:
libs 3.7Mb
Flavors: r-prerel-macos-arm64, r-release-macos-arm64, r-release-macos-x86_64, r-oldrel-macos-arm64