Last updated on 2024-03-29 07:54:56 CET.
Flavor | Version | Tinstall | Tcheck | Ttotal | Status | Flags |
---|---|---|---|---|---|---|
r-devel-linux-x86_64-debian-clang | 0.0.1.0 | 11.62 | 114.62 | 126.24 | NOTE | |
r-devel-linux-x86_64-debian-gcc | 0.0.1.0 | 11.44 | 86.00 | 97.44 | NOTE | |
r-devel-linux-x86_64-fedora-clang | 0.0.1.0 | 163.02 | NOTE | |||
r-devel-linux-x86_64-fedora-gcc | 0.0.1.0 | 155.28 | NOTE | |||
r-devel-windows-x86_64 | 0.0.1.0 | 14.00 | 103.00 | 117.00 | NOTE | |
r-patched-linux-x86_64 | 0.0.1.0 | 12.86 | 109.57 | 122.43 | NOTE | |
r-release-linux-x86_64 | 0.0.1.0 | 11.78 | 113.77 | 125.55 | NOTE | |
r-release-macos-arm64 | 0.0.1.0 | 48.00 | NOTE | |||
r-release-macos-x86_64 | 0.0.1.0 | 79.00 | NOTE | |||
r-release-windows-x86_64 | 0.0.1.0 | 17.00 | 127.00 | 144.00 | NOTE | |
r-oldrel-macos-arm64 | 0.0.1.0 | 43.00 | NOTE | |||
r-oldrel-windows-x86_64 | 0.0.1.0 | 18.00 | 127.00 | 145.00 | NOTE |
Version: 0.0.1.0
Check: LazyData
Result: NOTE
'LazyData' is specified without a 'data' directory
Flavors: r-devel-linux-x86_64-debian-clang, r-devel-linux-x86_64-debian-gcc, r-devel-linux-x86_64-fedora-clang, r-devel-linux-x86_64-fedora-gcc, r-devel-windows-x86_64, r-patched-linux-x86_64, r-release-linux-x86_64, r-release-macos-arm64, r-release-macos-x86_64, r-release-windows-x86_64, r-oldrel-macos-arm64, r-oldrel-windows-x86_64