Last updated on 2024-03-29 07:54:56 CET.
Flavor | Version | Tinstall | Tcheck | Ttotal | Status | Flags |
---|---|---|---|---|---|---|
r-devel-linux-x86_64-debian-clang | 1.0.1 | 6.55 | 25.57 | 32.12 | NOTE | |
r-devel-linux-x86_64-debian-gcc | 1.0.1 | 3.16 | 19.58 | 22.74 | NOTE | |
r-devel-linux-x86_64-fedora-clang | 1.0.1 | 39.30 | NOTE | |||
r-devel-linux-x86_64-fedora-gcc | 1.0.1 | 37.84 | NOTE | |||
r-devel-windows-x86_64 | 1.0.1 | 5.00 | 41.00 | 46.00 | NOTE | |
r-patched-linux-x86_64 | 1.0.1 | 3.55 | 24.97 | 28.52 | NOTE | |
r-release-linux-x86_64 | 1.0.1 | 3.27 | 24.63 | 27.90 | NOTE | |
r-release-macos-arm64 | 1.0.1 | 17.00 | NOTE | |||
r-release-macos-x86_64 | 1.0.1 | 23.00 | NOTE | |||
r-release-windows-x86_64 | 1.0.1 | 7.00 | 42.00 | 49.00 | NOTE | |
r-oldrel-macos-arm64 | 1.0.1 | 17.00 | NOTE | |||
r-oldrel-windows-x86_64 | 1.0.1 | 7.00 | 47.00 | 54.00 | NOTE |
Version: 1.0.1
Check: LazyData
Result: NOTE
'LazyData' is specified without a 'data' directory
Flavors: r-devel-linux-x86_64-debian-clang, r-devel-linux-x86_64-debian-gcc, r-devel-linux-x86_64-fedora-clang, r-devel-linux-x86_64-fedora-gcc, r-devel-windows-x86_64, r-patched-linux-x86_64, r-release-linux-x86_64, r-release-macos-arm64, r-release-macos-x86_64, r-release-windows-x86_64, r-oldrel-macos-arm64, r-oldrel-windows-x86_64
Version: 1.0.1
Check: dependencies in R code
Result: NOTE
Namespaces in Imports field not imported from:
‘R6’ ‘cowplot’ ‘ggplot2’ ‘ggridges’ ‘ggstance’ ‘jmvcore’
All declared Imports should be used.
Flavors: r-devel-linux-x86_64-fedora-clang, r-devel-linux-x86_64-fedora-gcc, r-oldrel-macos-arm64