Last updated on 2024-03-28 19:48:44 CET.
Flavor | Version | Tinstall | Tcheck | Ttotal | Status | Flags |
---|---|---|---|---|---|---|
r-devel-linux-x86_64-debian-clang | 1.0-1 | 8.55 | 109.28 | 117.83 | OK | |
r-devel-linux-x86_64-debian-gcc | 1.0-1 | 7.19 | 75.87 | 83.06 | OK | |
r-devel-linux-x86_64-fedora-clang | 1.0-1 | 140.33 | NOTE | |||
r-devel-linux-x86_64-fedora-gcc | 1.0-1 | 148.59 | NOTE | |||
r-devel-windows-x86_64 | 1.0-1 | 7.00 | 101.00 | 108.00 | OK | |
r-patched-linux-x86_64 | 1.0-1 | 10.77 | 105.17 | 115.94 | OK | |
r-release-linux-x86_64 | 1.0-1 | 10.69 | 104.18 | 114.87 | OK | |
r-release-macos-arm64 | 1.0-1 | 53.00 | OK | |||
r-release-macos-x86_64 | 1.0-1 | 93.00 | OK | |||
r-release-windows-x86_64 | 1.0-1 | 7.00 | 106.00 | 113.00 | OK | |
r-oldrel-macos-arm64 | 1.0-1 | 47.00 | OK | |||
r-oldrel-windows-x86_64 | 1.0-1 | 12.00 | 117.00 | 129.00 | OK |
Version: 1.0-1
Check: dependencies in R code
Result: NOTE
Namespace in Imports field not imported from: ‘pvclust’
All declared Imports should be used.
Flavors: r-devel-linux-x86_64-fedora-clang, r-devel-linux-x86_64-fedora-gcc