Last updated on 2024-03-29 07:54:56 CET.
Flavor | Version | Tinstall | Tcheck | Ttotal | Status | Flags |
---|---|---|---|---|---|---|
r-devel-linux-x86_64-debian-clang | 0.2-6 | 3.28 | 39.83 | 43.11 | NOTE | |
r-devel-linux-x86_64-debian-gcc | 0.2-6 | 2.85 | 29.70 | 32.55 | NOTE | |
r-devel-linux-x86_64-fedora-clang | 0.2-6 | 52.73 | NOTE | |||
r-devel-linux-x86_64-fedora-gcc | 0.2-6 | 52.45 | NOTE | |||
r-devel-windows-x86_64 | 0.2-6 | 3.00 | 48.00 | 51.00 | OK | |
r-patched-linux-x86_64 | 0.2-6 | 3.16 | 38.51 | 41.67 | NOTE | |
r-release-linux-x86_64 | 0.2-6 | 3.93 | 37.82 | 41.75 | OK | |
r-release-macos-arm64 | 0.2-6 | 21.00 | OK | |||
r-release-macos-x86_64 | 0.2-6 | 32.00 | OK | |||
r-release-windows-x86_64 | 0.2-6 | 3.00 | 51.00 | 54.00 | OK | |
r-oldrel-macos-arm64 | 0.2-6 | 21.00 | OK | |||
r-oldrel-windows-x86_64 | 0.2-6 | 6.00 | 56.00 | 62.00 | OK |
Version: 0.2-6
Check: DESCRIPTION meta-information
Result: NOTE
License stub is invalid DCF.
Flavors: r-devel-linux-x86_64-debian-clang, r-devel-linux-x86_64-debian-gcc, r-devel-linux-x86_64-fedora-clang, r-devel-linux-x86_64-fedora-gcc, r-patched-linux-x86_64