Last updated on 2024-03-29 07:54:56 CET.
Flavor | Version | Tinstall | Tcheck | Ttotal | Status | Flags |
---|---|---|---|---|---|---|
r-devel-linux-x86_64-debian-clang | 1.0 | 19.51 | 179.23 | 198.74 | NOTE | |
r-devel-linux-x86_64-debian-gcc | 1.0 | 17.53 | 130.50 | 148.03 | NOTE | |
r-devel-linux-x86_64-fedora-clang | 1.0 | 250.54 | NOTE | |||
r-devel-linux-x86_64-fedora-gcc | 1.0 | 247.05 | NOTE | |||
r-devel-windows-x86_64 | 1.0 | 18.00 | 139.00 | 157.00 | OK | |
r-patched-linux-x86_64 | 1.0 | 16.04 | 168.52 | 184.56 | NOTE | |
r-release-linux-x86_64 | 1.0 | 17.32 | 169.23 | 186.55 | NOTE | |
r-release-macos-arm64 | 1.0 | 76.00 | OK | |||
r-release-macos-x86_64 | 1.0 | 114.00 | OK | |||
r-release-windows-x86_64 | 1.0 | 24.00 | 175.00 | 199.00 | OK | |
r-oldrel-macos-arm64 | 1.0 | 69.00 | OK | |||
r-oldrel-windows-x86_64 | 1.0 | 25.00 | 179.00 | 204.00 | OK |
Version: 1.0
Check: for non-standard things in the check directory
Result: NOTE
Found the following files/directories:
‘untitled_consensus_cluster’
Flavors: r-devel-linux-x86_64-debian-clang, r-devel-linux-x86_64-debian-gcc, r-devel-linux-x86_64-fedora-clang, r-devel-linux-x86_64-fedora-gcc, r-patched-linux-x86_64, r-release-linux-x86_64