CRAN Package Check Results for Package scRNAtools

Last updated on 2023-06-09 19:56:35 CEST.

Flavor Version Tinstall Tcheck Ttotal Status Flags
r-devel-linux-x86_64-debian-clang 1.0 19.54 184.92 204.46 NOTE
r-devel-linux-x86_64-debian-gcc 1.0 16.33 134.89 151.22 NOTE
r-devel-linux-x86_64-fedora-clang 1.0 262.53 NOTE
r-devel-linux-x86_64-fedora-gcc 1.0 260.13 NOTE
r-devel-windows-x86_64 1.0 20.00 143.00 163.00 OK
r-patched-linux-x86_64 1.0 21.56 168.95 190.51 NOTE
r-release-linux-x86_64 1.0 17.87 167.49 185.36 NOTE
r-release-macos-arm64 1.0 76.00 OK
r-release-macos-x86_64 1.0 114.00 OK
r-release-windows-x86_64 1.0 24.00 177.00 201.00 OK
r-oldrel-macos-arm64 1.0 69.00 OK
r-oldrel-macos-x86_64 1.0 113.00 OK
r-oldrel-windows-x86_64 1.0 27.00 182.00 209.00 OK

Check Details

Version: 1.0
Check: for non-standard things in the check directory
Result: NOTE
    Found the following files/directories:
     ‘untitled_consensus_cluster’
Flavors: r-devel-linux-x86_64-debian-clang, r-devel-linux-x86_64-debian-gcc, r-devel-linux-x86_64-fedora-clang, r-devel-linux-x86_64-fedora-gcc, r-patched-linux-x86_64, r-release-linux-x86_64