Last updated on 2023-05-31 20:57:20 CEST.
Flavor | Version | Tinstall | Tcheck | Ttotal | Status | Flags |
---|---|---|---|---|---|---|
r-devel-linux-x86_64-debian-clang | 1.0.2 | 75.04 | 279.56 | 354.60 | NOTE | |
r-devel-linux-x86_64-debian-gcc | 1.0.2 | 57.38 | 208.75 | 266.13 | NOTE | |
r-devel-linux-x86_64-fedora-clang | 1.0.2 | 466.90 | NOTE | |||
r-devel-linux-x86_64-fedora-gcc | 1.0.2 | 493.51 | NOTE | |||
r-devel-windows-x86_64 | 1.0.2 | 61.00 | 227.00 | 288.00 | NOTE | |
r-patched-linux-x86_64 | 1.0.2 | NOTE | ||||
r-release-linux-x86_64 | 1.0.2 | 59.21 | 264.78 | 323.99 | NOTE | |
r-release-macos-arm64 | 1.0.2 | 119.00 | NOTE | |||
r-release-macos-x86_64 | 1.0.2 | 158.00 | NOTE | |||
r-release-windows-x86_64 | 1.0.2 | 80.00 | 297.00 | 377.00 | NOTE | |
r-oldrel-macos-arm64 | 1.0.2 | 113.00 | OK | |||
r-oldrel-macos-x86_64 | 1.0.2 | 192.00 | OK | |||
r-oldrel-windows-x86_64 | 1.0.2 | 81.00 | 276.00 | 357.00 | OK |
Version: 1.0.2
Check: package dependencies
Result: NOTE
Package suggested but not available for checking: ‘ssvd’
Flavors: r-devel-linux-x86_64-debian-clang, r-devel-linux-x86_64-debian-gcc, r-devel-windows-x86_64, r-patched-linux-x86_64, r-release-linux-x86_64
Version: 1.0.2
Check: dependencies in R code
Result: NOTE
Unexported object imported by a ‘:::’ call: ‘simplifyEnrichment:::is_GO_id’
See the note in ?`:::` about the use of this operator.
Flavors: r-devel-linux-x86_64-debian-clang, r-devel-linux-x86_64-debian-gcc, r-devel-linux-x86_64-fedora-clang, r-devel-linux-x86_64-fedora-gcc, r-devel-windows-x86_64, r-patched-linux-x86_64, r-release-linux-x86_64, r-release-windows-x86_64
Version: 1.0.2
Check: package dependencies
Result: NOTE
Packages suggested but not available for checking:
'ssvd', 'conos', 'pagoda2'
Flavors: r-devel-linux-x86_64-fedora-clang, r-devel-linux-x86_64-fedora-gcc
Version: 1.0.2
Check: package dependencies
Result: NOTE
Packages suggested but not available for checking:
'ssvd', 'simplifyEnrichment'
Flavors: r-release-macos-arm64, r-release-macos-x86_64
Version: 1.0.2
Check: dependencies in R code
Result: NOTE
Unavailable namespace imported from by a ':::' call: ‘simplifyEnrichment’
See the note in ?`:::` about the use of this operator.
Flavors: r-release-macos-arm64, r-release-macos-x86_64