Last updated on 2024-03-29 07:54:56 CET.
Flavor | Version | Tinstall | Tcheck | Ttotal | Status | Flags |
---|---|---|---|---|---|---|
r-devel-linux-x86_64-debian-clang | 0.1.4 | 59.64 | 41.13 | 100.77 | NOTE | |
r-devel-linux-x86_64-debian-gcc | 0.1.4 | 56.89 | 30.95 | 87.84 | NOTE | |
r-devel-linux-x86_64-fedora-clang | 0.1.4 | 146.62 | NOTE | |||
r-devel-linux-x86_64-fedora-gcc | 0.1.4 | 156.59 | NOTE | |||
r-devel-windows-x86_64 | 0.1.4 | 53.00 | 65.00 | 118.00 | NOTE | |
r-patched-linux-x86_64 | 0.1.4 | 71.77 | 39.88 | 111.65 | NOTE | |
r-release-linux-x86_64 | 0.1.4 | 70.96 | 39.77 | 110.73 | NOTE | |
r-release-macos-arm64 | 0.1.4 | 41.00 | NOTE | |||
r-release-macos-x86_64 | 0.1.4 | 60.00 | NOTE | |||
r-release-windows-x86_64 | 0.1.4 | 64.00 | 79.00 | 143.00 | NOTE | |
r-oldrel-macos-arm64 | 0.1.4 | 37.00 | OK | |||
r-oldrel-windows-x86_64 | 0.1.4 | 61.00 | 82.00 | 143.00 | OK |
Version: 0.1.4
Check: C++ specification
Result: NOTE
Specified C++11: please drop specification unless essential
Flavors: r-devel-linux-x86_64-debian-clang, r-devel-linux-x86_64-debian-gcc, r-devel-linux-x86_64-fedora-clang, r-devel-linux-x86_64-fedora-gcc, r-devel-windows-x86_64, r-patched-linux-x86_64, r-release-linux-x86_64, r-release-macos-arm64, r-release-macos-x86_64, r-release-windows-x86_64