Last updated on 2024-03-29 07:54:56 CET.
Flavor | Version | Tinstall | Tcheck | Ttotal | Status | Flags |
---|---|---|---|---|---|---|
r-devel-linux-x86_64-debian-clang | 1.2.3 | 6.51 | 113.58 | 120.09 | OK | |
r-devel-linux-x86_64-debian-gcc | 1.2.3 | 6.42 | 86.31 | 92.73 | OK | |
r-devel-linux-x86_64-fedora-clang | 1.2.3 | 163.54 | NOTE | |||
r-devel-linux-x86_64-fedora-gcc | 1.2.3 | 170.16 | OK | |||
r-devel-windows-x86_64 | 1.2.3 | 8.00 | 110.00 | 118.00 | NOTE | |
r-patched-linux-x86_64 | 1.2.3 | 5.35 | 110.07 | 115.42 | OK | |
r-release-linux-x86_64 | 1.2.3 | 5.28 | 107.69 | 112.97 | OK | |
r-release-macos-arm64 | 1.2.3 | 71.00 | NOTE | |||
r-release-macos-x86_64 | 1.2.3 | 135.00 | NOTE | |||
r-release-windows-x86_64 | 1.2.3 | 11.00 | 122.00 | 133.00 | NOTE | |
r-oldrel-macos-arm64 | 1.2.3 | 82.00 | NOTE | |||
r-oldrel-windows-x86_64 | 1.2.3 | 11.00 | 131.00 | 142.00 | NOTE |
Version: 1.2.3
Check: installed package size
Result: NOTE
installed size is 6.4Mb
sub-directories of 1Mb or more:
doc 5.1Mb
extdata 1.2Mb
Flavors: r-devel-linux-x86_64-fedora-clang, r-devel-windows-x86_64, r-release-macos-arm64, r-release-macos-x86_64, r-release-windows-x86_64, r-oldrel-macos-arm64, r-oldrel-windows-x86_64