Last updated on 2023-06-06 20:09:55 CEST.
Flavor | Version | Tinstall | Tcheck | Ttotal | Status | Flags |
---|---|---|---|---|---|---|
r-devel-linux-x86_64-debian-clang | 1.0.0 | 44.30 | 193.64 | 237.94 | NOTE | |
r-devel-linux-x86_64-debian-gcc | 1.0.0 | 34.64 | 149.12 | 183.76 | NOTE | |
r-devel-linux-x86_64-fedora-clang | 1.0.0 | 318.00 | NOTE | |||
r-devel-linux-x86_64-fedora-gcc | 1.0.0 | 306.03 | NOTE | |||
r-devel-windows-x86_64 | 1.0.0 | 38.00 | 173.00 | 211.00 | OK | |
r-patched-linux-x86_64 | 1.0.0 | 35.04 | 190.10 | 225.14 | NOTE | |
r-release-linux-x86_64 | 1.0.0 | 33.71 | 191.46 | 225.17 | NOTE | |
r-release-macos-arm64 | 1.0.0 | 82.00 | NOTE | |||
r-release-macos-x86_64 | 1.0.0 | 141.00 | NOTE | |||
r-release-windows-x86_64 | 1.0.0 | 51.00 | 214.00 | 265.00 | OK | |
r-oldrel-macos-arm64 | 1.0.0 | 75.00 | OK | |||
r-oldrel-macos-x86_64 | 1.0.0 | 128.00 | OK | |||
r-oldrel-windows-x86_64 | 1.0.0 | 50.00 | 204.00 | 254.00 | OK |
Version: 1.0.0
Check: C++ specification
Result: NOTE
Specified C++11: please drop specification unless essential
Flavors: r-devel-linux-x86_64-debian-clang, r-devel-linux-x86_64-debian-gcc, r-devel-linux-x86_64-fedora-clang, r-devel-linux-x86_64-fedora-gcc, r-patched-linux-x86_64, r-release-linux-x86_64, r-release-macos-arm64, r-release-macos-x86_64