Last updated on 2024-03-28 19:48:44 CET.
Flavor | Version | Tinstall | Tcheck | Ttotal | Status | Flags |
---|---|---|---|---|---|---|
r-devel-linux-x86_64-debian-clang | 0.0.2 | 253.85 | 66.31 | 320.16 | OK | |
r-devel-linux-x86_64-debian-gcc | 0.0.2 | 219.12 | 64.44 | 283.56 | OK | |
r-devel-linux-x86_64-fedora-clang | 0.0.2 | 410.41 | OK | |||
r-devel-linux-x86_64-fedora-gcc | 0.0.2 | 522.85 | OK | |||
r-devel-windows-x86_64 | 0.0.2 | 170.00 | 97.00 | 267.00 | OK | |
r-patched-linux-x86_64 | 0.0.2 | 258.88 | 82.88 | 341.76 | OK | |
r-release-linux-x86_64 | 0.0.2 | 270.25 | 86.16 | 356.41 | OK | |
r-release-macos-arm64 | 0.0.2 | 101.00 | NOTE | |||
r-release-macos-x86_64 | 0.0.2 | 112.00 | NOTE | |||
r-release-windows-x86_64 | 0.0.2 | 219.00 | 120.00 | 339.00 | OK | |
r-oldrel-macos-arm64 | 0.0.2 | 94.00 | NOTE | |||
r-oldrel-windows-x86_64 | 0.0.2 | 207.00 | 113.00 | 320.00 | OK |
Version: 0.0.2
Check: installed package size
Result: NOTE
installed size is 46.8Mb
sub-directories of 1Mb or more:
libs 46.7Mb
Flavors: r-release-macos-arm64, r-release-macos-x86_64, r-oldrel-macos-arm64