Last updated on 2023-09-28 19:59:53 CEST.
Flavor | Version | Tinstall | Tcheck | Ttotal | Status | Flags |
---|---|---|---|---|---|---|
r-devel-linux-x86_64-debian-clang | 0.0.2 | 206.92 | 71.08 | 278.00 | OK | |
r-devel-linux-x86_64-debian-gcc | 0.0.2 | 176.70 | 64.55 | 241.25 | OK | |
r-devel-linux-x86_64-fedora-clang | 0.0.2 | 392.01 | OK | |||
r-devel-linux-x86_64-fedora-gcc | 0.0.2 | 483.14 | OK | |||
r-devel-windows-x86_64 | 0.0.2 | 160.00 | 104.00 | 264.00 | OK | |
r-patched-linux-x86_64 | 0.0.2 | 214.04 | 81.05 | 295.09 | OK | |
r-release-linux-x86_64 | 0.0.2 | 238.63 | 83.76 | 322.39 | OK | |
r-release-macos-arm64 | 0.0.2 | 101.00 | NOTE | |||
r-release-macos-x86_64 | 0.0.2 | 112.00 | NOTE | |||
r-release-windows-x86_64 | 0.0.2 | 201.00 | 117.00 | 318.00 | OK | |
r-oldrel-macos-arm64 | 0.0.2 | 94.00 | NOTE | |||
r-oldrel-macos-x86_64 | 0.0.2 | 136.00 | NOTE | |||
r-oldrel-windows-x86_64 | 0.0.2 | 186.00 | 113.00 | 299.00 | OK |
Version: 0.0.2
Check: installed package size
Result: NOTE
installed size is 46.8Mb
sub-directories of 1Mb or more:
libs 46.7Mb
Flavors: r-release-macos-arm64, r-release-macos-x86_64, r-oldrel-macos-arm64, r-oldrel-macos-x86_64