Last updated on 2024-04-18 20:56:03 CEST.
Flavor | Version | Tinstall | Tcheck | Ttotal | Status | Flags |
---|---|---|---|---|---|---|
r-devel-linux-x86_64-debian-clang | 0.3.35 | 135.01 | 43.10 | 178.11 | OK | |
r-devel-linux-x86_64-debian-gcc | 0.3.35 | 105.79 | 33.53 | 139.32 | OK | |
r-devel-linux-x86_64-fedora-clang | 0.3.35 | 245.26 | OK | |||
r-devel-linux-x86_64-fedora-gcc | 0.3.35 | 241.98 | OK | |||
r-prerel-macos-arm64 | 0.3.35 | 55.00 | NOTE | |||
r-prerel-windows-x86_64 | 0.3.35 | 81.00 | 71.00 | 152.00 | OK | |
r-patched-linux-x86_64 | 0.3.35 | 133.82 | 41.95 | 175.77 | OK | |
r-release-linux-x86_64 | 0.3.35 | 134.75 | 42.11 | 176.86 | OK | |
r-release-macos-arm64 | 0.3.35 | 64.00 | NOTE | |||
r-release-macos-x86_64 | 0.3.35 | 132.00 | NOTE | |||
r-release-windows-x86_64 | 0.3.35 | 88.00 | 94.00 | 182.00 | OK | |
r-oldrel-macos-arm64 | 0.3.35 | 64.00 | NOTE | |||
r-oldrel-windows-x86_64 | 0.3.35 | 79.00 | 90.00 | 169.00 | OK |
Version: 0.3.35
Check: installed package size
Result: NOTE
installed size is 7.6Mb
sub-directories of 1Mb or more:
libs 7.3Mb
Flavors: r-prerel-macos-arm64, r-release-macos-arm64, r-release-macos-x86_64, r-oldrel-macos-arm64