Last updated on 2024-04-26 19:49:24 CEST.
Flavor | Version | Tinstall | Tcheck | Ttotal | Status | Flags |
---|---|---|---|---|---|---|
r-devel-linux-x86_64-debian-clang | 1.0.2 | 20.80 | 190.49 | 211.29 | OK | |
r-devel-linux-x86_64-debian-gcc | 1.0.2 | 17.79 | 142.31 | 160.10 | OK | |
r-devel-linux-x86_64-fedora-clang | 1.0.2 | 269.46 | NOTE | |||
r-devel-linux-x86_64-fedora-gcc | 1.0.2 | 251.80 | NOTE | |||
r-devel-windows-x86_64 | 1.0.2 | 16.00 | 153.00 | 169.00 | OK | |
r-patched-linux-x86_64 | 1.0.2 | 18.97 | 182.35 | 201.32 | OK | |
r-release-linux-x86_64 | 1.0.2 | 13.70 | 181.95 | 195.65 | OK | |
r-release-macos-arm64 | 1.0.2 | 79.00 | OK | |||
r-release-windows-x86_64 | 1.0.2 | 18.00 | 151.00 | 169.00 | OK | |
r-oldrel-macos-arm64 | 1.0.2 | 88.00 | OK | |||
r-oldrel-macos-x86_64 | 1.0.2 | 150.00 | OK | |||
r-oldrel-windows-x86_64 | 1.0.2 | 25.00 | 185.00 | 210.00 | OK |
Version: 1.0.2
Check: data for non-ASCII characters
Result: NOTE
Note: found 63 marked Latin-1 strings
Flavors: r-devel-linux-x86_64-fedora-clang, r-devel-linux-x86_64-fedora-gcc