Last updated on 2023-05-29 20:00:34 CEST.
Flavor | Version | Tinstall | Tcheck | Ttotal | Status | Flags |
---|---|---|---|---|---|---|
r-devel-linux-x86_64-debian-clang | 1.2 | 65.76 | 75.67 | 141.43 | NOTE | |
r-devel-linux-x86_64-debian-gcc | 1.2 | 48.89 | 59.10 | 107.99 | NOTE | |
r-devel-linux-x86_64-fedora-clang | 1.2 | 182.04 | NOTE | |||
r-devel-linux-x86_64-fedora-gcc | 1.2 | 182.66 | NOTE | |||
r-devel-windows-x86_64 | 1.2 | 45.00 | 93.00 | 138.00 | NOTE | |
r-patched-linux-x86_64 | 1.2 | 47.36 | 73.00 | 120.36 | NOTE | |
r-release-linux-x86_64 | 1.2 | 49.02 | 72.90 | 121.92 | NOTE | |
r-release-macos-arm64 | 1.2 | 55.00 | NOTE | |||
r-release-macos-x86_64 | 1.2 | 87.00 | NOTE | |||
r-release-windows-x86_64 | 1.2 | 57.00 | 118.00 | 175.00 | NOTE | |
r-oldrel-macos-arm64 | 1.2 | 50.00 | NOTE | |||
r-oldrel-macos-x86_64 | 1.2 | 64.00 | NOTE | |||
r-oldrel-windows-x86_64 | 1.2 | 57.00 | 113.00 | 170.00 | OK |
Version: 1.2
Check: C++ specification
Result: NOTE
Specified C++11: please drop specification unless essential
Flavors: r-devel-linux-x86_64-debian-clang, r-devel-linux-x86_64-debian-gcc, r-devel-linux-x86_64-fedora-clang, r-devel-linux-x86_64-fedora-gcc, r-devel-windows-x86_64, r-patched-linux-x86_64, r-release-linux-x86_64, r-release-macos-arm64, r-release-macos-x86_64, r-release-windows-x86_64
Version: 1.2
Check: installed package size
Result: NOTE
installed size is 7.2Mb
sub-directories of 1Mb or more:
libs 6.9Mb
Flavors: r-release-macos-arm64, r-release-macos-x86_64, r-oldrel-macos-arm64, r-oldrel-macos-x86_64