Last updated on 2024-04-19 19:50:26 CEST.
Flavor | Version | Tinstall | Tcheck | Ttotal | Status | Flags |
---|---|---|---|---|---|---|
r-devel-linux-x86_64-debian-clang | 0.2.2 | 9.66 | 61.08 | 70.74 | OK | |
r-devel-linux-x86_64-debian-gcc | 0.2.2 | OK | ||||
r-devel-linux-x86_64-fedora-clang | 0.2.2 | 87.55 | NOTE | |||
r-devel-linux-x86_64-fedora-gcc | 0.2.2 | 98.84 | NOTE | |||
r-prerel-macos-arm64 | 0.2.2 | 30.00 | OK | |||
r-prerel-windows-x86_64 | 0.2.2 | 9.00 | 62.00 | 71.00 | OK | |
r-patched-linux-x86_64 | 0.2.2 | 10.36 | 57.78 | 68.14 | OK | |
r-release-linux-x86_64 | 0.2.2 | 6.85 | 57.49 | 64.34 | OK | |
r-release-macos-arm64 | 0.2.2 | 32.00 | OK | |||
r-release-macos-x86_64 | 0.2.2 | 70.00 | OK | |||
r-release-windows-x86_64 | 0.2.2 | 12.00 | 68.00 | 80.00 | OK | |
r-oldrel-macos-arm64 | 0.2.2 | 30.00 | OK | |||
r-oldrel-windows-x86_64 | 0.2.2 | 12.00 | 69.00 | 81.00 | OK |
Version: 0.2.2
Check: dependencies in R code
Result: NOTE
Namespaces in Imports field not imported from:
‘CARBayesdata’ ‘MASS’ ‘nimble’
All declared Imports should be used.
Flavors: r-devel-linux-x86_64-fedora-clang, r-devel-linux-x86_64-fedora-gcc