CRAN Package Check Results for Package sSDR

Last updated on 2023-10-04 08:01:51 CEST.

Flavor Version Tinstall Tcheck Ttotal Status Flags
r-devel-linux-x86_64-debian-clang 1.2.0 5.11 66.75 71.86 NOTE
r-devel-linux-x86_64-debian-gcc 1.2.0 7.27 50.77 58.04 NOTE
r-devel-linux-x86_64-fedora-clang 1.2.0 90.64 NOTE
r-devel-linux-x86_64-fedora-gcc 1.2.0 91.91 NOTE
r-devel-windows-x86_64 1.2.0 7.00 69.00 76.00 NOTE
r-patched-linux-x86_64 1.2.0 7.57 64.77 72.34 NOTE
r-release-linux-x86_64 1.2.0 5.31 65.17 70.48 NOTE
r-release-macos-arm64 1.2.0 31.00 NOTE
r-release-macos-x86_64 1.2.0 48.00 NOTE
r-release-windows-x86_64 1.2.0 9.00 77.00 86.00 NOTE
r-oldrel-macos-arm64 1.2.0 27.00 NOTE
r-oldrel-macos-x86_64 1.2.0 40.00 NOTE
r-oldrel-windows-x86_64 1.2.0 10.00 80.00 90.00 NOTE

Check Details

Version: 1.2.0
Check: LazyData
Result: NOTE
     'LazyData' is specified without a 'data' directory
Flavors: r-devel-linux-x86_64-debian-clang, r-devel-linux-x86_64-debian-gcc, r-devel-linux-x86_64-fedora-clang, r-devel-linux-x86_64-fedora-gcc, r-devel-windows-x86_64, r-patched-linux-x86_64, r-release-linux-x86_64, r-release-macos-arm64, r-release-macos-x86_64, r-release-windows-x86_64, r-oldrel-macos-arm64, r-oldrel-macos-x86_64, r-oldrel-windows-x86_64