CRAN Package Check Results for Package s2net

Last updated on 2023-05-29 08:55:10 CEST.

Flavor Version Tinstall Tcheck Ttotal Status Flags
r-devel-linux-x86_64-debian-clang 1.0.4 40.25 46.01 86.26 NOTE
r-devel-linux-x86_64-debian-gcc 1.0.4 31.93 35.86 67.79 NOTE
r-devel-linux-x86_64-fedora-clang 1.0.4 120.14 NOTE
r-devel-linux-x86_64-fedora-gcc 1.0.4 132.17 NOTE
r-devel-windows-x86_64 1.0.4 33.00 79.00 112.00 NOTE
r-patched-linux-x86_64 1.0.4 37.73 44.64 82.37 NOTE
r-release-linux-x86_64 1.0.4 32.29 44.36 76.65 NOTE
r-release-macos-arm64 1.0.4 44.00 NOTE
r-release-macos-x86_64 1.0.4 68.00 NOTE
r-release-windows-x86_64 1.0.4 42.00 93.00 135.00 NOTE
r-oldrel-macos-arm64 1.0.4 35.00 OK
r-oldrel-macos-x86_64 1.0.4 47.00 OK
r-oldrel-windows-x86_64 1.0.4 40.00 90.00 130.00 OK

Check Details

Version: 1.0.4
Check: C++ specification
Result: NOTE
     Specified C++11: please drop specification unless essential
Flavors: r-devel-linux-x86_64-debian-clang, r-devel-linux-x86_64-debian-gcc, r-devel-linux-x86_64-fedora-clang, r-devel-linux-x86_64-fedora-gcc, r-devel-windows-x86_64, r-patched-linux-x86_64, r-release-linux-x86_64, r-release-macos-arm64, r-release-macos-x86_64, r-release-windows-x86_64