Last updated on 2023-09-29 08:54:10 CEST.
Flavor | Version | Tinstall | Tcheck | Ttotal | Status | Flags |
---|---|---|---|---|---|---|
r-devel-linux-x86_64-debian-clang | 2.10.3 | 23.66 | 191.12 | 214.78 | NOTE | |
r-devel-linux-x86_64-debian-gcc | 2.10.3 | 20.99 | 135.44 | 156.43 | NOTE | |
r-devel-linux-x86_64-fedora-clang | 2.10.3 | 256.46 | NOTE | |||
r-devel-linux-x86_64-fedora-gcc | 2.10.3 | 253.70 | NOTE | |||
r-devel-windows-x86_64 | 2.10.3 | 23.00 | 147.00 | 170.00 | NOTE | |
r-patched-linux-x86_64 | 2.10.3 | 26.85 | 177.08 | 203.93 | OK | |
r-release-linux-x86_64 | 2.10.3 | 23.11 | 179.80 | 202.91 | OK | |
r-release-macos-arm64 | 2.10.3 | 63.00 | OK | |||
r-release-macos-x86_64 | 2.10.3 | 117.00 | OK | |||
r-release-windows-x86_64 | 2.10.3 | 31.00 | 183.00 | 214.00 | OK | |
r-oldrel-macos-arm64 | 2.10.3 | 65.00 | OK | |||
r-oldrel-macos-x86_64 | 2.10.3 | 85.00 | OK | |||
r-oldrel-windows-x86_64 | 2.10.3 | 31.00 | 165.00 | 196.00 | OK |
Version: 2.10.3
Check: Rd \usage sections
Result: NOTE
Documented arguments not in \usage in documentation object '.LoadDataFile':
‘remapcells’
Functions with \usage entries need to have the appropriate \alias
entries, and all their arguments documented.
The \usage entries must correspond to syntactically valid R code.
See chapter ‘Writing R documentation files’ in the ‘Writing R
Extensions’ manual.
Flavors: r-devel-linux-x86_64-debian-clang, r-devel-linux-x86_64-debian-gcc, r-devel-linux-x86_64-fedora-clang, r-devel-linux-x86_64-fedora-gcc, r-devel-windows-x86_64