CRAN Package Check Results for Package ryandexdirect

Last updated on 2023-12-07 06:51:57 CET.

Flavor Version Tinstall Tcheck Ttotal Status Flags
r-devel-linux-x86_64-debian-clang 3.6.2 10.80 81.03 91.83 OK
r-devel-linux-x86_64-debian-gcc 3.6.2 7.60 60.67 68.27 OK
r-devel-linux-x86_64-fedora-clang 3.6.2 115.85 NOTE
r-devel-linux-x86_64-fedora-gcc 3.6.2 119.44 OK
r-devel-windows-x86_64 3.6.2 10.00 84.00 94.00 OK
r-patched-linux-x86_64 3.6.2 6.91 78.76 85.67 OK
r-release-linux-x86_64 3.6.2 7.67 76.72 84.39 OK
r-release-macos-arm64 3.6.2 67.00 OK
r-release-macos-x86_64 3.6.2 82.00 OK
r-release-windows-x86_64 3.6.2 14.00 94.00 108.00 OK
r-oldrel-macos-arm64 3.6.2 54.00 OK
r-oldrel-macos-x86_64 3.6.2 71.00 OK
r-oldrel-windows-x86_64 3.6.2 12.00 96.00 108.00 OK

Check Details

Version: 3.6.2
Check: Rd cross-references
Result: NOTE Undeclared package ‘rym’ in Rd xrefs Flavor: r-devel-linux-x86_64-fedora-clang