Last updated on 2024-04-23 19:50:58 CEST.
Flavor | Version | Tinstall | Tcheck | Ttotal | Status | Flags |
---|---|---|---|---|---|---|
r-devel-linux-x86_64-debian-clang | 2.0.18 | 247.51 | 54.25 | 301.76 | OK | |
r-devel-linux-x86_64-debian-gcc | 2.0.18 | 171.79 | 40.51 | 212.30 | OK | |
r-devel-linux-x86_64-fedora-clang | 2.0.18 | 380.15 | OK | |||
r-devel-linux-x86_64-fedora-gcc | 2.0.18 | 390.29 | OK | |||
r-prerel-macos-arm64 | 2.0.18 | 792.00 | NOTE | |||
r-prerel-macos-x86_64 | 2.0.18 | 249.00 | NOTE | |||
r-prerel-windows-x86_64 | 2.0.18 | 131.00 | 100.00 | 231.00 | OK | |
r-patched-linux-x86_64 | 2.0.18 | 215.96 | 50.97 | 266.93 | OK | |
r-release-linux-x86_64 | 2.0.18 | 191.98 | 51.02 | 243.00 | OK | |
r-release-macos-arm64 | 2.0.18 | 863.00 | NOTE | |||
r-release-macos-x86_64 | 2.0.18 | 240.00 | NOTE | |||
r-release-windows-x86_64 | 2.0.18 | 181.00 | 118.00 | 299.00 | OK | |
r-oldrel-macos-arm64 | 2.0.18 | 831.00 | NOTE | |||
r-oldrel-windows-x86_64 | 2.0.18 | 174.00 | 101.00 | 275.00 | OK |
Version: 2.0.18
Check: installed package size
Result: NOTE
installed size is 33.1Mb
sub-directories of 1Mb or more:
libs 32.8Mb
Flavors: r-prerel-macos-arm64, r-prerel-macos-x86_64, r-release-macos-arm64, r-release-macos-x86_64, r-oldrel-macos-arm64