Last updated on 2023-05-29 08:55:10 CEST.
Flavor | Version | Tinstall | Tcheck | Ttotal | Status | Flags |
---|---|---|---|---|---|---|
r-devel-linux-x86_64-debian-clang | 2.0.10 | 94.31 | 70.28 | 164.59 | OK | |
r-devel-linux-x86_64-debian-gcc | 2.0.10 | 76.70 | 51.94 | 128.64 | OK | |
r-devel-linux-x86_64-fedora-clang | 2.0.10 | 230.34 | OK | |||
r-devel-linux-x86_64-fedora-gcc | 2.0.10 | 228.79 | OK | |||
r-devel-windows-x86_64 | 2.0.10 | 81.00 | 96.00 | 177.00 | OK | |
r-patched-linux-x86_64 | 2.0.10 | 81.78 | 64.31 | 146.09 | OK | |
r-release-linux-x86_64 | 2.0.10 | 69.92 | 64.52 | 134.44 | OK | |
r-release-macos-arm64 | 2.0.10 | 61.00 | NOTE | |||
r-release-macos-x86_64 | 2.0.10 | 100.00 | NOTE | |||
r-release-windows-x86_64 | 2.0.10 | 102.00 | 109.00 | 211.00 | OK | |
r-oldrel-macos-arm64 | 2.0.10 | 50.00 | NOTE | |||
r-oldrel-macos-x86_64 | 2.0.10 | 76.00 | NOTE | |||
r-oldrel-windows-x86_64 | 2.0.10 | 76.00 | 107.00 | 183.00 | OK |
Version: 2.0.10
Check: installed package size
Result: NOTE
installed size is 7.2Mb
sub-directories of 1Mb or more:
libs 7.0Mb
Flavors: r-release-macos-arm64, r-release-macos-x86_64, r-oldrel-macos-arm64, r-oldrel-macos-x86_64