CRAN Package Check Results for Package rxode2

Last updated on 2024-07-24 19:54:15 CEST.

Flavor Version Tinstall Tcheck Ttotal Status Flags
r-devel-linux-x86_64-debian-clang 2.1.3 250.31 387.28 637.59 NOTE
r-devel-linux-x86_64-debian-gcc 2.1.3 190.11 275.54 465.65 NOTE
r-devel-linux-x86_64-fedora-clang 2.1.3 856.43 NOTE
r-devel-linux-x86_64-fedora-gcc 2.1.3 885.50 NOTE
r-devel-windows-x86_64 2.1.3 234.00 391.00 625.00 NOTE
r-patched-linux-x86_64 2.1.3 270.09 367.20 637.29 OK
r-release-linux-x86_64 2.1.3 229.32 373.52 602.84 OK
r-release-macos-arm64 2.1.3 238.00 NOTE
r-release-macos-x86_64 2.1.3 363.00 NOTE
r-release-windows-x86_64 2.1.3 263.00 382.00 645.00 NOTE
r-oldrel-macos-arm64 2.1.3 214.00 NOTE
r-oldrel-macos-x86_64 2.1.3 352.00 NOTE
r-oldrel-windows-x86_64 2.1.3 284.00 493.00 777.00 NOTE

Check Details

Version: 2.1.3
Check: compiled code
Result: NOTE File ‘rxode2/libs/rxode2.so’: Found non-API call to R: ‘HASHTAB’ Compiled code should not call non-API entry points in R. See ‘Writing portable packages’ in the ‘Writing R Extensions’ manual, and section ‘Moving into C API compliance’ for issues with the use of non-API entry points. Flavors: r-devel-linux-x86_64-debian-clang, r-devel-linux-x86_64-debian-gcc, r-devel-linux-x86_64-fedora-clang, r-devel-linux-x86_64-fedora-gcc

Version: 2.1.3
Check: installed package size
Result: NOTE installed size is 5.0Mb sub-directories of 1Mb or more: R 1.0Mb libs 2.2Mb Flavors: r-devel-linux-x86_64-fedora-clang, r-devel-windows-x86_64, r-release-macos-arm64, r-release-macos-x86_64, r-release-windows-x86_64, r-oldrel-macos-arm64, r-oldrel-macos-x86_64, r-oldrel-windows-x86_64

Version: 2.1.3
Check: compiled code
Result: NOTE File 'rxode2/libs/x64/rxode2.dll': Found non-API call to R: 'HASHTAB' Compiled code should not call non-API entry points in R. See 'Writing portable packages' in the 'Writing R Extensions' manual, and section 'Moving into C API compliance' for issues with the use of non-API entry points. Flavor: r-devel-windows-x86_64