Last updated on 2024-04-23 07:51:19 CEST.
Flavor | Version | Tinstall | Tcheck | Ttotal | Status | Flags |
---|---|---|---|---|---|---|
r-devel-linux-x86_64-debian-clang | 2.1.2 | 285.26 | 384.13 | 669.39 | OK | |
r-devel-linux-x86_64-debian-gcc | 2.1.2 | 237.56 | 268.64 | 506.20 | OK | |
r-devel-linux-x86_64-fedora-clang | 2.1.2 | 871.65 | OK | |||
r-devel-linux-x86_64-fedora-gcc | 2.1.2 | 652.76 | OK | |||
r-prerel-macos-arm64 | 2.1.2 | 215.00 | OK | |||
r-prerel-macos-x86_64 | 2.1.2 | 431.00 | OK | |||
r-prerel-windows-x86_64 | 2.1.2 | 248.00 | 389.00 | 637.00 | NOTE | |
r-patched-linux-x86_64 | 2.1.2 | 298.46 | 366.11 | 664.57 | OK | |
r-release-linux-x86_64 | 2.1.2 | 294.77 | 361.61 | 656.38 | OK | |
r-release-macos-arm64 | 2.1.2 | 220.00 | OK | |||
r-release-macos-x86_64 | 2.1.2 | 352.00 | OK | |||
r-release-windows-x86_64 | 2.1.2 | 314.00 | 474.00 | 788.00 | NOTE | |
r-oldrel-macos-arm64 | 2.1.2 | 204.00 | OK | |||
r-oldrel-windows-x86_64 | 2.1.2 | 284.00 | 407.00 | 691.00 | NOTE |
Version: 2.1.2
Check: installed package size
Result: NOTE
installed size is 5.3Mb
sub-directories of 1Mb or more:
R 1.0Mb
libs 2.6Mb
Flavors: r-prerel-windows-x86_64, r-release-windows-x86_64, r-oldrel-windows-x86_64