Last updated on 2023-05-31 20:57:20 CEST.
Flavor | Version | Tinstall | Tcheck | Ttotal | Status | Flags |
---|---|---|---|---|---|---|
r-devel-linux-x86_64-debian-clang | 0.6.3.1.1 | 162.70 | 80.04 | 242.74 | OK | |
r-devel-linux-x86_64-debian-gcc | 0.6.3.1.1 | 136.44 | 64.57 | 201.01 | OK | |
r-devel-linux-x86_64-fedora-clang | 0.6.3.1.1 | 309.16 | NOTE | |||
r-devel-linux-x86_64-fedora-gcc | 0.6.3.1.1 | 346.60 | OK | |||
r-devel-windows-x86_64 | 0.6.3.1.1 | 110.00 | 123.00 | 233.00 | NOTE | |
r-patched-linux-x86_64 | 0.6.3.1.1 | OK | ||||
r-release-linux-x86_64 | 0.6.3.1.1 | 144.90 | 83.83 | 228.73 | OK | |
r-release-macos-arm64 | 0.6.3.1.1 | 101.00 | NOTE | |||
r-release-macos-x86_64 | 0.6.3.1.1 | 154.00 | NOTE | |||
r-release-windows-x86_64 | 0.6.3.1.1 | 147.00 | 144.00 | 291.00 | NOTE | |
r-oldrel-macos-arm64 | 0.6.3.1.1 | 81.00 | NOTE | |||
r-oldrel-macos-x86_64 | 0.6.3.1.1 | 113.00 | NOTE | |||
r-oldrel-windows-x86_64 | 0.6.3.1.1 | 135.00 | 134.00 | 269.00 | NOTE |
Version: 0.6.3.1.1
Check: installed package size
Result: NOTE
installed size is 10.5Mb
sub-directories of 1Mb or more:
include 5.0Mb
libs 5.0Mb
Flavors: r-devel-linux-x86_64-fedora-clang, r-devel-windows-x86_64, r-release-macos-arm64, r-release-macos-x86_64, r-release-windows-x86_64, r-oldrel-macos-arm64, r-oldrel-macos-x86_64, r-oldrel-windows-x86_64
Version: 0.6.3.1.1
Check: Rd cross-references
Result: NOTE
Undeclared package ‘wdm’ in Rd xrefs
Flavor: r-devel-linux-x86_64-fedora-clang