CRAN Package Check Results for Package rvest

Last updated on 2023-09-26 20:20:44 CEST.

Flavor Version Tinstall Tcheck Ttotal Status Flags
r-devel-linux-x86_64-debian-clang 1.0.3 6.11 55.27 61.38 OK
r-devel-linux-x86_64-debian-gcc 1.0.3 4.49 42.06 46.55 OK
r-devel-linux-x86_64-fedora-clang 1.0.3 74.51 NOTE
r-devel-linux-x86_64-fedora-gcc 1.0.3 85.74 NOTE
r-devel-windows-x86_64 1.0.3 7.00 65.00 72.00 OK
r-patched-linux-x86_64 1.0.3 5.09 53.79 58.88 OK
r-release-linux-x86_64 1.0.3 4.15 53.49 57.64 OK
r-release-macos-arm64 1.0.3 41.00 OK
r-release-macos-x86_64 1.0.3 54.00 OK
r-release-windows-x86_64 1.0.3 8.00 80.00 88.00 OK
r-oldrel-macos-arm64 1.0.3 34.00 NOTE
r-oldrel-macos-x86_64 1.0.3 41.00 NOTE
r-oldrel-windows-x86_64 1.0.3 9.00 75.00 84.00 OK

Check Details

Version: 1.0.3
Check: dependencies in R code
Result: NOTE
    Namespaces in Imports field not imported from:
     ‘cli’ ‘withr’
     All declared Imports should be used.
Flavors: r-devel-linux-x86_64-fedora-clang, r-devel-linux-x86_64-fedora-gcc, r-oldrel-macos-arm64, r-oldrel-macos-x86_64