Last updated on 2023-05-29 20:00:34 CEST.
Flavor | Version | Tinstall | Tcheck | Ttotal | Status | Flags |
---|---|---|---|---|---|---|
r-devel-linux-x86_64-debian-clang | 1.4.0 | 52.26 | 268.91 | 321.17 | NOTE | |
r-devel-linux-x86_64-debian-gcc | 1.4.0 | 47.09 | 188.58 | 235.67 | NOTE | |
r-devel-linux-x86_64-fedora-clang | 1.4.0 | 436.13 | NOTE | |||
r-devel-linux-x86_64-fedora-gcc | 1.4.0 | 415.32 | NOTE | |||
r-devel-windows-x86_64 | 1.4.0 | 43.00 | 202.00 | 245.00 | NOTE | |
r-patched-linux-x86_64 | 1.4.0 | 51.37 | 250.76 | 302.13 | NOTE | |
r-release-linux-x86_64 | 1.4.0 | 46.43 | 248.74 | 295.17 | NOTE | |
r-release-macos-arm64 | 1.4.0 | 96.00 | NOTE | |||
r-release-macos-x86_64 | 1.4.0 | 182.00 | NOTE | |||
r-release-windows-x86_64 | 1.4.0 | 58.00 | 268.00 | 326.00 | NOTE | |
r-oldrel-macos-arm64 | 1.4.0 | 88.00 | OK | |||
r-oldrel-macos-x86_64 | 1.4.0 | 122.00 | OK | |||
r-oldrel-windows-x86_64 | 1.4.0 | 56.00 | 263.00 | 319.00 | OK |
Version: 1.4.0
Check: C++ specification
Result: NOTE
Specified C++11: please drop specification unless essential
Flavors: r-devel-linux-x86_64-debian-clang, r-devel-linux-x86_64-debian-gcc, r-devel-linux-x86_64-fedora-clang, r-devel-linux-x86_64-fedora-gcc, r-devel-windows-x86_64, r-patched-linux-x86_64, r-release-linux-x86_64, r-release-macos-arm64, r-release-macos-x86_64, r-release-windows-x86_64