Last updated on 2024-04-19 19:50:26 CEST.
Flavor | Version | Tinstall | Tcheck | Ttotal | Status | Flags |
---|---|---|---|---|---|---|
r-devel-linux-x86_64-debian-clang | 1.1.0 | 3.12 | 38.92 | 42.04 | NOTE | |
r-devel-linux-x86_64-debian-gcc | 1.1.0 | NOTE | ||||
r-devel-linux-x86_64-fedora-clang | 1.1.0 | 53.71 | NOTE | |||
r-devel-linux-x86_64-fedora-gcc | 1.1.0 | 63.70 | NOTE | |||
r-prerel-macos-arm64 | 1.1.0 | 30.00 | NOTE | |||
r-prerel-windows-x86_64 | 1.1.0 | 6.00 | 50.00 | 56.00 | NOTE | |
r-patched-linux-x86_64 | 1.1.0 | 3.59 | 37.33 | 40.92 | NOTE | |
r-release-linux-x86_64 | 1.1.0 | 3.07 | 35.65 | 38.72 | NOTE | |
r-release-macos-arm64 | 1.1.0 | 29.00 | NOTE | |||
r-release-macos-x86_64 | 1.1.0 | 36.00 | NOTE | |||
r-release-windows-x86_64 | 1.1.0 | 5.00 | 53.00 | 58.00 | NOTE | |
r-oldrel-macos-arm64 | 1.1.0 | 25.00 | NOTE | |||
r-oldrel-windows-x86_64 | 1.1.0 | 7.00 | 55.00 | 62.00 | NOTE |
Version: 1.1.0
Check: LazyData
Result: NOTE
'LazyData' is specified without a 'data' directory
Flavors: r-devel-linux-x86_64-debian-clang, r-devel-linux-x86_64-debian-gcc, r-devel-linux-x86_64-fedora-clang, r-devel-linux-x86_64-fedora-gcc, r-prerel-macos-arm64, r-prerel-windows-x86_64, r-patched-linux-x86_64, r-release-linux-x86_64, r-release-macos-arm64, r-release-macos-x86_64, r-release-windows-x86_64, r-oldrel-macos-arm64, r-oldrel-windows-x86_64
Version: 1.1.0
Check: installed package size
Result: NOTE
installed size is 5.3Mb
sub-directories of 1Mb or more:
doc 4.7Mb
Flavors: r-devel-linux-x86_64-fedora-clang, r-prerel-macos-arm64, r-prerel-windows-x86_64, r-release-macos-arm64, r-release-macos-x86_64, r-release-windows-x86_64, r-oldrel-macos-arm64, r-oldrel-windows-x86_64