Last updated on 2023-10-03 08:05:03 CEST.
Flavor | Version | Tinstall | Tcheck | Ttotal | Status | Flags |
---|---|---|---|---|---|---|
r-devel-linux-x86_64-debian-clang | 0.1.1 | 12.09 | 89.54 | 101.63 | NOTE | |
r-devel-linux-x86_64-debian-gcc | 0.1.1 | 9.84 | 65.32 | 75.16 | NOTE | |
r-devel-linux-x86_64-fedora-clang | 0.1.1 | 122.00 | NOTE | |||
r-devel-linux-x86_64-fedora-gcc | 0.1.1 | 115.84 | NOTE | |||
r-devel-windows-x86_64 | 0.1.1 | 13.00 | 88.00 | 101.00 | NOTE | |
r-patched-linux-x86_64 | 0.1.1 | 14.29 | 83.15 | 97.44 | OK | |
r-release-linux-x86_64 | 0.1.1 | 12.74 | 84.30 | 97.04 | OK | |
r-release-macos-arm64 | 0.1.1 | 36.00 | OK | |||
r-release-macos-x86_64 | 0.1.1 | 57.00 | OK | |||
r-release-windows-x86_64 | 0.1.1 | 14.00 | 106.00 | 120.00 | OK | |
r-oldrel-macos-arm64 | 0.1.1 | 29.00 | OK | |||
r-oldrel-macos-x86_64 | 0.1.1 | 49.00 | OK | |||
r-oldrel-windows-x86_64 | 0.1.1 | 14.00 | 99.00 | 113.00 | OK |
Version: 0.1.1
Check: Rd \usage sections
Result: NOTE
Documented arguments not in \usage in documentation object 'MEM_MIDAS_lr_pred_no_skew':
‘daily_ret’
Functions with \usage entries need to have the appropriate \alias
entries, and all their arguments documented.
The \usage entries must correspond to syntactically valid R code.
See chapter ‘Writing R documentation files’ in the ‘Writing R
Extensions’ manual.
Flavors: r-devel-linux-x86_64-debian-clang, r-devel-linux-x86_64-debian-gcc, r-devel-linux-x86_64-fedora-clang, r-devel-linux-x86_64-fedora-gcc, r-devel-windows-x86_64