CRAN Package Check Results for Package rucrdtw

Last updated on 2023-06-09 19:56:35 CEST.

Flavor Version Tinstall Tcheck Ttotal Status Flags
r-devel-linux-x86_64-debian-clang 0.1.4 30.70 177.56 208.26 NOTE
r-devel-linux-x86_64-debian-gcc 0.1.4 22.00 122.91 144.91 NOTE
r-devel-linux-x86_64-fedora-clang 0.1.4 272.09 NOTE
r-devel-linux-x86_64-fedora-gcc 0.1.4 259.49 NOTE
r-devel-windows-x86_64 0.1.4 24.00 193.00 217.00 NOTE
r-patched-linux-x86_64 0.1.4 23.64 159.54 183.18 NOTE
r-release-linux-x86_64 0.1.4 22.88 161.98 184.86 NOTE
r-release-macos-arm64 0.1.4 86.00 NOTE
r-release-macos-x86_64 0.1.4 161.00 NOTE
r-release-windows-x86_64 0.1.4 25.00 213.00 238.00 NOTE
r-oldrel-macos-arm64 0.1.4 67.00 OK
r-oldrel-macos-x86_64 0.1.4 89.00 OK
r-oldrel-windows-x86_64 0.1.4 29.00 218.00 247.00 OK

Check Details

Version: 0.1.4
Check: C++ specification
Result: NOTE
     Specified C++11: please drop specification unless essential
Flavors: r-devel-linux-x86_64-debian-clang, r-devel-linux-x86_64-debian-gcc, r-devel-linux-x86_64-fedora-clang, r-devel-linux-x86_64-fedora-gcc, r-devel-windows-x86_64, r-patched-linux-x86_64, r-release-linux-x86_64, r-release-macos-arm64, r-release-macos-x86_64, r-release-windows-x86_64