CRAN Package Check Results for Package rtiddlywiki

Last updated on 2023-12-02 07:50:34 CET.

Flavor Version Tinstall Tcheck Ttotal Status Flags
r-devel-linux-x86_64-debian-clang 0.1.0 1.67 27.44 29.11 NOTE
r-devel-linux-x86_64-debian-gcc 0.1.0 2.07 21.35 23.42 NOTE
r-devel-linux-x86_64-fedora-clang 0.1.0 38.78 OK
r-devel-linux-x86_64-fedora-gcc 0.1.0 48.61 OK
r-devel-windows-x86_64 0.1.0 4.00 46.00 50.00 OK
r-patched-linux-x86_64 0.1.0 2.69 26.87 29.56 OK
r-release-linux-x86_64 0.1.0 2.54 26.80 29.34 OK
r-release-macos-arm64 0.1.0 22.00 OK
r-release-macos-x86_64 0.1.0 35.00 OK
r-release-windows-x86_64 0.1.0 4.00 46.00 50.00 OK
r-oldrel-macos-arm64 0.1.0 20.00 OK
r-oldrel-macos-x86_64 0.1.0 24.00 OK
r-oldrel-windows-x86_64 0.1.0 4.00 48.00 52.00 OK

Check Details

Version: 0.1.0
Check: Rd files
Result: NOTE checkRd: (-1) tw_options.Rd:22: Lost braces in \itemize; meant \describe ? Flavors: r-devel-linux-x86_64-debian-clang, r-devel-linux-x86_64-debian-gcc