Last updated on 2023-10-02 20:12:10 CEST.
Flavor | Version | Tinstall | Tcheck | Ttotal | Status | Flags |
---|---|---|---|---|---|---|
r-devel-linux-x86_64-debian-clang | 0.25 | 4.46 | 39.87 | 44.33 | NOTE | |
r-devel-linux-x86_64-debian-gcc | 0.25 | 4.58 | 30.74 | 35.32 | NOTE | |
r-devel-linux-x86_64-fedora-clang | 0.25 | 54.84 | NOTE | |||
r-devel-linux-x86_64-fedora-gcc | 0.25 | 53.70 | NOTE | |||
r-devel-windows-x86_64 | 0.25 | 10.00 | 54.00 | 64.00 | NOTE | |
r-patched-linux-x86_64 | 0.25 | 6.26 | 38.94 | 45.20 | NOTE | |
r-release-linux-x86_64 | 0.25 | 4.81 | 39.50 | 44.31 | NOTE | |
r-release-macos-arm64 | 0.25 | 21.00 | NOTE | |||
r-release-macos-x86_64 | 0.25 | 44.00 | NOTE | |||
r-release-windows-x86_64 | 0.25 | 10.00 | 57.00 | 67.00 | NOTE | |
r-oldrel-macos-arm64 | 0.25 | 31.00 | NOTE | |||
r-oldrel-macos-x86_64 | 0.25 | 33.00 | NOTE | |||
r-oldrel-windows-x86_64 | 0.25 | 10.00 | 63.00 | 73.00 | NOTE |
Version: 0.25
Check: for GNU extensions in Makefiles
Result: NOTE
GNU make is a SystemRequirements.
Flavors: r-devel-linux-x86_64-debian-clang, r-devel-linux-x86_64-debian-gcc, r-devel-linux-x86_64-fedora-clang, r-devel-linux-x86_64-fedora-gcc, r-devel-windows-x86_64, r-patched-linux-x86_64, r-release-linux-x86_64, r-release-macos-arm64, r-release-macos-x86_64, r-release-windows-x86_64, r-oldrel-macos-arm64, r-oldrel-macos-x86_64, r-oldrel-windows-x86_64
Version: 0.25
Check: installed package size
Result: NOTE
installed size is 10.4Mb
sub-directories of 1Mb or more:
rmarkdown 10.1Mb
Flavors: r-devel-linux-x86_64-fedora-clang, r-devel-windows-x86_64, r-release-macos-arm64, r-release-macos-x86_64, r-release-windows-x86_64, r-oldrel-macos-arm64, r-oldrel-macos-x86_64, r-oldrel-windows-x86_64