Last updated on 2023-12-04 07:51:19 CET.
Flavor | Version | Tinstall | Tcheck | Ttotal | Status | Flags |
---|---|---|---|---|---|---|
r-devel-linux-x86_64-debian-clang | 1.4.9 | 18.27 | 91.20 | 109.47 | NOTE | |
r-devel-linux-x86_64-debian-gcc | 1.4.9 | 17.35 | 68.47 | 85.82 | NOTE | |
r-devel-linux-x86_64-fedora-clang | 1.4.9 | 139.90 | OK | |||
r-devel-linux-x86_64-fedora-gcc | 1.4.9 | 132.86 | OK | |||
r-devel-windows-x86_64 | 1.4.9 | 19.00 | 96.00 | 115.00 | OK | |
r-patched-linux-x86_64 | 1.4.9 | 20.45 | 88.22 | 108.67 | OK | |
r-release-linux-x86_64 | 1.4.9 | 16.66 | 89.28 | 105.94 | OK | |
r-release-macos-arm64 | 1.4.9 | 40.00 | OK | |||
r-release-macos-x86_64 | 1.4.9 | 78.00 | OK | |||
r-release-windows-x86_64 | 1.4.9 | 21.00 | 110.00 | 131.00 | OK | |
r-oldrel-macos-arm64 | 1.4.9 | 42.00 | OK | |||
r-oldrel-macos-x86_64 | 1.4.9 | 57.00 | OK | |||
r-oldrel-windows-x86_64 | 1.4.9 | 22.00 | 100.00 | 122.00 | OK |
Version: 1.4.9
Check: Rd files
Result: NOTE
checkRd: (-1) datasheet.Rd:153-155: Lost braces in \itemize; meant \describe ?
checkRd: (-1) datasheet.Rd:156-157: Lost braces in \itemize; meant \describe ?
checkRd: (-1) datasheet.Rd:158-159: Lost braces in \itemize; meant \describe ?
checkRd: (-1) datasheet.Rd:162: Lost braces in \itemize; meant \describe ?
checkRd: (-1) datasheet.Rd:163-164: Lost braces in \itemize; meant \describe ?
checkRd: (-1) datasheet.Rd:166-167: Lost braces in \itemize; meant \describe ?
checkRd: (-1) datasheet.Rd:169-170: Lost braces in \itemize; meant \describe ?
checkRd: (-1) project.Rd:50: Lost braces in \itemize; meant \describe ?
checkRd: (-1) project.Rd:51: Lost braces in \itemize; meant \describe ?
checkRd: (-1) project.Rd:52-53: Lost braces in \itemize; meant \describe ?
checkRd: (-1) scenario.Rd:62: Lost braces in \itemize; meant \describe ?
checkRd: (-1) scenario.Rd:64: Lost braces in \itemize; meant \describe ?
checkRd: (-1) scenario.Rd:66: Lost braces in \itemize; meant \describe ?
checkRd: (-1) scenario.Rd:68-69: Lost braces in \itemize; meant \describe ?
checkRd: (-1) scenario.Rd:71-74: Lost braces in \itemize; meant \describe ?
checkRd: (-1) ssimLibrary.Rd:86-87: Lost braces in \itemize; meant \describe ?
checkRd: (-1) ssimLibrary.Rd:88-89: Lost braces in \itemize; meant \describe ?
checkRd: (-1) ssimLibrary.Rd:90-93: Lost braces in \itemize; meant \describe ?
checkRd: (-1) ssimLibrary.Rd:94-96: Lost braces in \itemize; meant \describe ?
Flavors: r-devel-linux-x86_64-debian-clang, r-devel-linux-x86_64-debian-gcc