Last updated on 2024-04-23 07:51:19 CEST.
Flavor | Version | Tinstall | Tcheck | Ttotal | Status | Flags |
---|---|---|---|---|---|---|
r-devel-linux-x86_64-debian-clang | 2.6.0 | 3.73 | 34.10 | 37.83 | OK | |
r-devel-linux-x86_64-debian-gcc | 2.6.0 | 2.52 | 26.43 | 28.95 | OK | |
r-devel-linux-x86_64-fedora-clang | 2.6.0 | 52.98 | OK | |||
r-devel-linux-x86_64-fedora-gcc | 2.6.0 | 64.52 | OK | |||
r-prerel-macos-arm64 | 2.6.0 | 38.00 | NOTE | |||
r-prerel-windows-x86_64 | 2.6.0 | 27.00 | 223.00 | 250.00 | NOTE | |
r-patched-linux-x86_64 | 2.6.0 | 3.74 | 33.14 | 36.88 | OK | |
r-release-linux-x86_64 | 2.6.0 | 3.56 | 32.15 | 35.71 | OK | |
r-release-macos-arm64 | 2.6.0 | 43.00 | NOTE | |||
r-release-macos-x86_64 | 2.6.0 | 92.00 | NOTE | |||
r-release-windows-x86_64 | 2.6.0 | 28.00 | 289.00 | 317.00 | NOTE | |
r-oldrel-macos-arm64 | 2.6.0 | 43.00 | NOTE | |||
r-oldrel-windows-x86_64 | 2.6.0 | 28.00 | 206.00 | 234.00 | NOTE |
Version: 2.6.0
Check: installed package size
Result: NOTE
installed size is 29.0Mb
sub-directories of 1Mb or more:
libs 28.6Mb
Flavors: r-prerel-macos-arm64, r-prerel-windows-x86_64, r-release-macos-arm64, r-release-macos-x86_64, r-release-windows-x86_64, r-oldrel-macos-arm64, r-oldrel-windows-x86_64