Last updated on 2023-06-04 08:57:21 CEST.
Flavor | Version | Tinstall | Tcheck | Ttotal | Status | Flags |
---|---|---|---|---|---|---|
r-devel-linux-x86_64-debian-clang | 1.0.0 | 38.02 | 34.61 | 72.63 | NOTE | |
r-devel-linux-x86_64-debian-gcc | 1.0.0 | 25.90 | 27.16 | 53.06 | NOTE | |
r-devel-linux-x86_64-fedora-clang | 1.0.0 | 105.20 | NOTE | |||
r-devel-linux-x86_64-fedora-gcc | 1.0.0 | 119.14 | NOTE | |||
r-devel-windows-x86_64 | 1.0.0 | 29.00 | 70.00 | 99.00 | NOTE | |
r-patched-linux-x86_64 | 1.0.0 | 26.77 | 33.85 | 60.62 | NOTE | |
r-release-linux-x86_64 | 1.0.0 | 26.09 | 33.53 | 59.62 | NOTE | |
r-release-macos-arm64 | 1.0.0 | 34.00 | NOTE | |||
r-release-macos-x86_64 | 1.0.0 | 64.00 | NOTE | |||
r-release-windows-x86_64 | 1.0.0 | 37.00 | 78.00 | 115.00 | NOTE | |
r-oldrel-macos-arm64 | 1.0.0 | 33.00 | OK | |||
r-oldrel-macos-x86_64 | 1.0.0 | 40.00 | OK | |||
r-oldrel-windows-x86_64 | 1.0.0 | 36.00 | 75.00 | 111.00 | OK |
Version: 1.0.0
Check: C++ specification
Result: NOTE
Specified C++11: please drop specification unless essential
Flavors: r-devel-linux-x86_64-debian-clang, r-devel-linux-x86_64-debian-gcc, r-devel-linux-x86_64-fedora-clang, r-devel-linux-x86_64-fedora-gcc, r-devel-windows-x86_64, r-patched-linux-x86_64, r-release-linux-x86_64, r-release-macos-arm64, r-release-macos-x86_64, r-release-windows-x86_64