Last updated on 2024-03-28 19:48:44 CET.
Flavor | Version | Tinstall | Tcheck | Ttotal | Status | Flags |
---|---|---|---|---|---|---|
r-devel-linux-x86_64-debian-clang | 1.6.3 | 294.90 | 207.12 | 502.02 | OK | |
r-devel-linux-x86_64-debian-gcc | 1.6.3 | 240.51 | 149.85 | 390.36 | OK | |
r-devel-linux-x86_64-fedora-clang | 1.6.3 | 667.71 | NOTE | |||
r-devel-linux-x86_64-fedora-gcc | 1.6.3 | 703.71 | OK | |||
r-devel-windows-x86_64 | 1.6.3 | 220.00 | 241.00 | 461.00 | NOTE | |
r-patched-linux-x86_64 | 1.6.3 | 303.93 | 197.40 | 501.33 | OK | |
r-release-linux-x86_64 | 1.6.3 | 279.98 | 199.62 | 479.60 | OK | |
r-release-macos-arm64 | 1.6.3 | 170.00 | NOTE | |||
r-release-macos-x86_64 | 1.6.3 | 291.00 | NOTE | |||
r-release-windows-x86_64 | 1.6.3 | 273.00 | 273.00 | 546.00 | NOTE | |
r-oldrel-macos-arm64 | 1.6.3 | 167.00 | NOTE | |||
r-oldrel-windows-x86_64 | 1.6.3 | 257.00 | 282.00 | 539.00 | NOTE |
Version: 1.6.3
Check: installed package size
Result: NOTE
installed size is 18.1Mb
sub-directories of 1Mb or more:
libs 2.2Mb
Flavors: r-devel-linux-x86_64-fedora-clang, r-devel-windows-x86_64, r-release-macos-arm64, r-release-macos-x86_64, r-release-windows-x86_64, r-oldrel-macos-arm64, r-oldrel-windows-x86_64