Last updated on 2024-04-26 08:55:12 CEST.
Flavor | Version | Tinstall | Tcheck | Ttotal | Status | Flags |
---|---|---|---|---|---|---|
r-devel-linux-x86_64-debian-clang | 2.32.6 | 278.86 | 225.58 | 504.44 | NOTE | |
r-devel-linux-x86_64-debian-gcc | 2.32.6 | 238.87 | 181.54 | 420.41 | NOTE | |
r-devel-linux-x86_64-fedora-clang | 2.32.6 | 680.16 | NOTE | |||
r-devel-linux-x86_64-fedora-gcc | 2.32.6 | 1132.97 | NOTE | |||
r-devel-windows-x86_64 | 2.32.6 | 229.00 | 201.00 | 430.00 | NOTE | |
r-patched-linux-x86_64 | 2.32.6 | 315.70 | 240.18 | 555.88 | NOTE | |
r-release-linux-x86_64 | 2.32.6 | 289.17 | 232.96 | 522.13 | NOTE | |
r-release-macos-arm64 | 2.32.6 | 293.00 | NOTE | |||
r-release-macos-x86_64 | 2.32.6 | 684.00 | NOTE | |||
r-release-windows-x86_64 | 2.32.6 | 226.00 | 197.00 | 423.00 | NOTE | |
r-oldrel-macos-arm64 | 2.32.6 | 289.00 | NOTE | |||
r-oldrel-macos-x86_64 | 2.32.6 | 632.00 | NOTE | |||
r-oldrel-windows-x86_64 | 2.32.6 | 284.00 | 242.00 | 526.00 | NOTE |
Version: 2.32.6
Check: for GNU extensions in Makefiles
Result: NOTE
GNU make is a SystemRequirements.
Flavors: r-devel-linux-x86_64-debian-clang, r-devel-linux-x86_64-debian-gcc, r-devel-linux-x86_64-fedora-clang, r-devel-linux-x86_64-fedora-gcc, r-devel-windows-x86_64, r-patched-linux-x86_64, r-release-linux-x86_64, r-release-macos-arm64, r-release-macos-x86_64, r-release-windows-x86_64, r-oldrel-macos-arm64, r-oldrel-macos-x86_64, r-oldrel-windows-x86_64
Version: 2.32.6
Check: installed package size
Result: NOTE
installed size is 6.5Mb
sub-directories of 1Mb or more:
exec 1.7Mb
lib 2.2Mb
Flavors: r-devel-linux-x86_64-fedora-clang, r-devel-windows-x86_64, r-release-macos-arm64, r-release-macos-x86_64, r-release-windows-x86_64, r-oldrel-macos-arm64, r-oldrel-macos-x86_64, r-oldrel-windows-x86_64
Version: 2.32.6
Check: Rd cross-references
Result: NOTE
Undeclared package ‘rstanarm’ in Rd xrefs
Flavor: r-devel-linux-x86_64-fedora-clang