Last updated on 2023-05-31 20:57:20 CEST.
Flavor | Version | Tinstall | Tcheck | Ttotal | Status | Flags |
---|---|---|---|---|---|---|
r-devel-linux-x86_64-debian-clang | 0.5.1 | 211.64 | 168.28 | 379.92 | NOTE | |
r-devel-linux-x86_64-debian-gcc | 0.5.1 | 167.01 | 120.50 | 287.51 | NOTE | |
r-devel-linux-x86_64-fedora-clang | 0.5.1 | 581.13 | NOTE | |||
r-devel-linux-x86_64-fedora-gcc | 0.5.1 | 531.41 | NOTE | |||
r-devel-windows-x86_64 | 0.5.1 | 167.00 | 153.00 | 320.00 | NOTE | |
r-patched-linux-x86_64 | 0.5.1 | NOTE | ||||
r-release-linux-x86_64 | 0.5.1 | 176.89 | 158.07 | 334.96 | NOTE | |
r-release-macos-arm64 | 0.5.1 | 135.00 | NOTE | |||
r-release-macos-x86_64 | 0.5.1 | 229.00 | NOTE | |||
r-release-windows-x86_64 | 0.5.1 | 225.00 | 187.00 | 412.00 | NOTE | |
r-oldrel-macos-arm64 | 0.5.1 | 125.00 | NOTE | |||
r-oldrel-macos-x86_64 | 0.5.1 | 153.00 | NOTE | |||
r-oldrel-windows-x86_64 | 0.5.1 | 205.00 | 178.00 | 383.00 | OK |
Version: 0.5.1
Check: C++ specification
Result: NOTE
Specified C++11: please drop specification unless essential
Flavors: r-devel-linux-x86_64-debian-clang, r-devel-linux-x86_64-debian-gcc, r-devel-linux-x86_64-fedora-clang, r-devel-linux-x86_64-fedora-gcc, r-devel-windows-x86_64, r-patched-linux-x86_64, r-release-linux-x86_64, r-release-macos-arm64, r-release-macos-x86_64, r-release-windows-x86_64
Version: 0.5.1
Check: startup messages can be suppressed
Result: NOTE
OMP: Warning #96: Cannot form a team with 24 threads, using 2 instead.
OMP: Hint Consider unsetting KMP_DEVICE_THREAD_LIMIT (KMP_ALL_THREADS), KMP_TEAMS_THREAD_LIMIT, and OMP_THREAD_LIMIT (if any are set).
It looks like this package (or a package it requires) has a startup
message which cannot be suppressed: see ?packageStartupMessage.
Flavor: r-devel-linux-x86_64-fedora-clang
Version: 0.5.1
Check: dependencies in R code
Result: NOTE
Namespace in Imports field not imported from: ‘MatrixExtra’
All declared Imports should be used.
Flavors: r-devel-linux-x86_64-fedora-clang, r-devel-linux-x86_64-fedora-gcc, r-oldrel-macos-arm64, r-oldrel-macos-x86_64
Version: 0.5.1
Check: installed package size
Result: NOTE
installed size is 10.0Mb
sub-directories of 1Mb or more:
libs 9.2Mb
Flavors: r-release-macos-arm64, r-release-macos-x86_64, r-oldrel-macos-arm64, r-oldrel-macos-x86_64