Last updated on 2024-03-29 07:54:55 CET.
Flavor | Version | Tinstall | Tcheck | Ttotal | Status | Flags |
---|---|---|---|---|---|---|
r-devel-linux-x86_64-debian-clang | 0.5.1 | 219.58 | 154.30 | 373.88 | NOTE | |
r-devel-linux-x86_64-debian-gcc | 0.5.1 | 172.34 | 116.03 | 288.37 | NOTE | |
r-devel-linux-x86_64-fedora-clang | 0.5.1 | 545.41 | NOTE | |||
r-devel-linux-x86_64-fedora-gcc | 0.5.1 | 529.71 | NOTE | |||
r-devel-windows-x86_64 | 0.5.1 | 181.00 | 147.00 | 328.00 | NOTE | |
r-patched-linux-x86_64 | 0.5.1 | 208.43 | 149.72 | 358.15 | NOTE | |
r-release-linux-x86_64 | 0.5.1 | 227.55 | 153.77 | 381.32 | NOTE | |
r-release-macos-arm64 | 0.5.1 | 135.00 | NOTE | |||
r-release-macos-x86_64 | 0.5.1 | 229.00 | NOTE | |||
r-release-windows-x86_64 | 0.5.1 | 218.00 | 187.00 | 405.00 | NOTE | |
r-oldrel-macos-arm64 | 0.5.1 | 125.00 | NOTE | |||
r-oldrel-windows-x86_64 | 0.5.1 | 202.00 | 174.00 | 376.00 | OK |
Version: 0.5.1
Check: C++ specification
Result: NOTE
Specified C++11: please drop specification unless essential
Flavors: r-devel-linux-x86_64-debian-clang, r-devel-linux-x86_64-debian-gcc, r-devel-linux-x86_64-fedora-clang, r-devel-linux-x86_64-fedora-gcc, r-devel-windows-x86_64, r-patched-linux-x86_64, r-release-linux-x86_64, r-release-macos-arm64, r-release-macos-x86_64, r-release-windows-x86_64
Version: 0.5.1
Check: whether startup messages can be suppressed
Result: NOTE
OMP: Warning #96: Cannot form a team with 24 threads, using 2 instead.
OMP: Hint Consider unsetting KMP_DEVICE_THREAD_LIMIT (KMP_ALL_THREADS), KMP_TEAMS_THREAD_LIMIT, and OMP_THREAD_LIMIT (if any are set).
It looks like this package (or a package it requires) has a startup
message which cannot be suppressed: see ?packageStartupMessage.
Flavor: r-devel-linux-x86_64-fedora-clang
Version: 0.5.1
Check: dependencies in R code
Result: NOTE
Namespace in Imports field not imported from: ‘MatrixExtra’
All declared Imports should be used.
Flavors: r-devel-linux-x86_64-fedora-clang, r-devel-linux-x86_64-fedora-gcc, r-oldrel-macos-arm64
Version: 0.5.1
Check: installed package size
Result: NOTE
installed size is 10.0Mb
sub-directories of 1Mb or more:
libs 9.2Mb
Flavors: r-release-macos-arm64, r-release-macos-x86_64, r-oldrel-macos-arm64