Last updated on 2023-06-02 20:56:37 CEST.
Flavor | Version | Tinstall | Tcheck | Ttotal | Status | Flags |
---|---|---|---|---|---|---|
r-devel-linux-x86_64-debian-clang | 0.8.29 | 10.25 | 62.93 | 73.18 | OK | |
r-devel-linux-x86_64-debian-gcc | 0.8.29 | 5.64 | 48.87 | 54.51 | OK | |
r-devel-linux-x86_64-fedora-clang | 0.8.29 | 96.46 | NOTE | |||
r-devel-linux-x86_64-fedora-gcc | 0.8.29 | 84.92 | OK | |||
r-devel-windows-x86_64 | 0.8.29 | 9.00 | 82.00 | 91.00 | OK | |
r-patched-linux-x86_64 | 0.8.29 | OK | ||||
r-release-linux-x86_64 | 0.8.29 | 8.60 | 61.55 | 70.15 | OK | |
r-release-macos-arm64 | 0.8.29 | 32.00 | OK | |||
r-release-macos-x86_64 | 0.8.29 | 47.00 | OK | |||
r-release-windows-x86_64 | 0.8.29 | 10.00 | 91.00 | 101.00 | OK | |
r-oldrel-macos-arm64 | 0.8.29 | 28.00 | OK | |||
r-oldrel-macos-x86_64 | 0.8.29 | 40.00 | OK | |||
r-oldrel-windows-x86_64 | 0.8.29 | 11.00 | 84.00 | 95.00 | OK |
Version: 0.8.29
Check: Rd cross-references
Result: NOTE
Undeclared packages ‘keras’, ‘tensorflow’, ‘devtools’ in Rd xrefs
Flavor: r-devel-linux-x86_64-fedora-clang