CRAN Package Check Results for Package rrr

Last updated on 2023-12-03 07:52:09 CET.

Flavor Version Tinstall Tcheck Ttotal Status Flags
r-devel-linux-x86_64-debian-clang 1.0.0 8.12 105.89 114.01 OK
r-devel-linux-x86_64-debian-gcc 1.0.0 6.63 78.94 85.57 OK
r-devel-linux-x86_64-fedora-clang 1.0.0 139.73 NOTE
r-devel-linux-x86_64-fedora-gcc 1.0.0 143.15 NOTE
r-devel-windows-x86_64 1.0.0 10.00 97.00 107.00 OK
r-patched-linux-x86_64 1.0.0 6.55 98.77 105.32 OK
r-release-linux-x86_64 1.0.0 6.87 99.11 105.98 OK
r-release-macos-arm64 1.0.0 49.00 OK
r-release-macos-x86_64 1.0.0 81.00 OK
r-release-windows-x86_64 1.0.0 11.00 113.00 124.00 OK
r-oldrel-macos-arm64 1.0.0 44.00 NOTE
r-oldrel-macos-x86_64 1.0.0 75.00 NOTE
r-oldrel-windows-x86_64 1.0.0 12.00 119.00 131.00 OK

Check Details

Version: 1.0.0
Check: dependencies in R code
Result: NOTE Namespace in Imports field not imported from: ‘Rcpp’ All declared Imports should be used. Flavors: r-devel-linux-x86_64-fedora-clang, r-devel-linux-x86_64-fedora-gcc, r-oldrel-macos-arm64, r-oldrel-macos-x86_64