Last updated on 2024-04-19 19:50:26 CEST.
Flavor | Version | Tinstall | Tcheck | Ttotal | Status | Flags |
---|---|---|---|---|---|---|
r-devel-linux-x86_64-debian-clang | 1.1.1 | 14.83 | 120.24 | 135.07 | NOTE | |
r-devel-linux-x86_64-debian-gcc | 1.1.1 | NOTE | ||||
r-devel-linux-x86_64-fedora-clang | 1.1.1 | 444.57 | NOTE | |||
r-devel-linux-x86_64-fedora-gcc | 1.1.1 | 447.64 | NOTE | |||
r-prerel-macos-arm64 | 1.1.1 | 51.00 | NOTE | |||
r-prerel-windows-x86_64 | 1.1.1 | 45.00 | 395.00 | 440.00 | NOTE | |
r-patched-linux-x86_64 | 1.1.1 | 13.15 | 114.80 | 127.95 | NOTE | |
r-release-linux-x86_64 | 1.1.1 | 9.29 | 118.50 | 127.79 | OK | |
r-release-macos-arm64 | 1.1.1 | 61.00 | OK | |||
r-release-macos-x86_64 | 1.1.1 | 101.00 | OK | |||
r-release-windows-x86_64 | 1.1.1 | 15.00 | 122.00 | 137.00 | OK | |
r-oldrel-macos-arm64 | 1.1.1 | 56.00 | OK | |||
r-oldrel-windows-x86_64 | 1.1.1 | 17.00 | 124.00 | 141.00 | OK |
Version: 1.1.1
Check: Rd files
Result: NOTE
checkRd: (-1) R2_lik.Rd:37: Lost braces; missing escapes or markup?
37 | \code{R2_lik()} is also computed for LMMs and GLMMs in the {MuMIn} package.
| ^
checkRd: (-1) R2_pred.Rd:32: Lost braces; missing escapes or markup?
32 | Note that the version of \code{binaryPGLMM()} in the package ape is replaced by a version contained within {rr2} that outputs all of the required information for the calculation of R2_resid.
| ^
checkRd: (-1) R2_resid.Rd:69: Lost braces; missing escapes or markup?
69 | Note that the version of \code{binaryPGLMM()} in the package ape is replaced by a version contained within {rr2} that outputs all of the required information for the calculation of \code{R2_resid()}
| ^
Flavors: r-devel-linux-x86_64-debian-clang, r-devel-linux-x86_64-debian-gcc, r-devel-linux-x86_64-fedora-clang, r-devel-linux-x86_64-fedora-gcc, r-prerel-macos-arm64, r-prerel-windows-x86_64, r-patched-linux-x86_64